Last updated on 2025-10-31 09:50:22 CET.
| Flavor | Version | Tinstall | Tcheck | Ttotal | Status | Flags | 
|---|---|---|---|---|---|---|
| r-devel-linux-x86_64-debian-clang | 1.0.1 | 6.13 | 88.80 | 94.93 | NOTE | |
| r-devel-linux-x86_64-debian-gcc | 1.0.1 | 4.63 | 65.42 | 70.05 | NOTE | |
| r-devel-linux-x86_64-fedora-clang | 1.0.1 | 34.00 | 122.79 | 156.79 | NOTE | |
| r-devel-linux-x86_64-fedora-gcc | 1.0.1 | 26.00 | 144.31 | 170.31 | NOTE | |
| r-devel-windows-x86_64 | 1.0.1 | 10.00 | 111.00 | 121.00 | OK | |
| r-patched-linux-x86_64 | 1.0.1 | 6.15 | 86.91 | 93.06 | OK | |
| r-release-linux-x86_64 | 1.0.1 | 6.42 | 87.51 | 93.93 | OK | |
| r-release-macos-arm64 | 1.0.1 | 4.00 | 59.00 | 63.00 | OK | |
| r-release-macos-x86_64 | 1.0.1 | 7.00 | 113.00 | 120.00 | OK | |
| r-release-windows-x86_64 | 1.0.1 | 9.00 | 108.00 | 117.00 | OK | |
| r-oldrel-macos-arm64 | 1.0.1 | 5.00 | 64.00 | 69.00 | OK | |
| r-oldrel-macos-x86_64 | 1.0.1 | 6.00 | 90.00 | 96.00 | OK | |
| r-oldrel-windows-x86_64 | 1.0.1 | 13.00 | 130.00 | 143.00 | OK | 
Version: 1.0.1
Check: CRAN incoming feasibility
Result: NOTE
  Maintainer: ‘Richard Harris <rich.harris@bris.ac.uk>’
  
  No Authors@R field in DESCRIPTION.
  Please add one, modifying
    Authors@R: c(person(given = "Richard",
                        family = "Harris",
                        role = c("aut", "cre"),
                        email = "rich.harris@bris.ac.uk"),
                 person(given = "Dewi",
                        family = "Owen",
                        role = "ctb"))
  as necessary.
  
  Package CITATION file contains call(s) to old-style personList() or
  as.personList().  Please use c() on person objects instead.
  Package CITATION file contains call(s) to old-style citEntry().  Please
  use bibentry() instead.
  
  Found the following URLs which should use \doi (with the DOI name only):
    File ‘aggdata.Rd’:
      http://dx.doi.org/10.5257/census/aggregate-2011-1
    File ‘ethnicities.Rd’:
      http://dx.doi.org/10.5257/census/aggregate-2011-1
Flavors: r-devel-linux-x86_64-debian-clang, r-devel-linux-x86_64-debian-gcc
Version: 1.0.1
Check: dependencies in R code
Result: NOTE
  Namespace in Imports field not imported from: ‘nlme’
    All declared Imports should be used.
Flavors: r-devel-linux-x86_64-fedora-clang, r-devel-linux-x86_64-fedora-gcc