Last updated on 2025-11-24 09:50:38 CET.
| Flavor | Version | Tinstall | Tcheck | Ttotal | Status | Flags |
|---|---|---|---|---|---|---|
| r-devel-linux-x86_64-debian-clang | 1.1 | 11.19 | 86.90 | 98.09 | NOTE | |
| r-devel-linux-x86_64-debian-gcc | 1.1 | 8.20 | 64.23 | 72.43 | NOTE | |
| r-devel-linux-x86_64-fedora-clang | 1.1 | 26.00 | 128.59 | 154.59 | NOTE | |
| r-devel-windows-x86_64 | 1.1 | 15.00 | 89.00 | 104.00 | NOTE | |
| r-patched-linux-x86_64 | 1.1 | 7.86 | 83.20 | 91.06 | NOTE | |
| r-release-linux-x86_64 | 1.1 | 10.78 | 82.42 | 93.20 | NOTE | |
| r-release-macos-arm64 | 1.1 | NOTE | ||||
| r-release-macos-x86_64 | 1.1 | 7.00 | 58.00 | 65.00 | NOTE | |
| r-release-windows-x86_64 | 1.1 | 13.00 | 109.00 | 122.00 | NOTE | |
| r-oldrel-macos-arm64 | 1.1 | OK | ||||
| r-oldrel-macos-x86_64 | 1.1 | 7.00 | 47.00 | 54.00 | OK | |
| r-oldrel-windows-x86_64 | 1.1 | 15.00 | 112.00 | 127.00 | OK |
Version: 1.1
Check: DESCRIPTION meta-information
Result: NOTE
Missing dependency on R >= 4.1.0 because package code uses the pipe
|> or function shorthand \(...) syntax added in R 4.1.0.
File(s) using such syntax:
‘summary.mcpmod_simulation.R’
Flavors: r-devel-linux-x86_64-debian-clang, r-devel-linux-x86_64-debian-gcc, r-devel-linux-x86_64-fedora-clang, r-devel-windows-x86_64, r-patched-linux-x86_64, r-release-linux-x86_64, r-release-macos-arm64, r-release-macos-x86_64, r-release-windows-x86_64