Last updated on 2025-10-31 09:50:20 CET.
| Flavor | Version | Tinstall | Tcheck | Ttotal | Status | Flags | 
|---|---|---|---|---|---|---|
| r-devel-linux-x86_64-debian-clang | 1.0.2 | 6.65 | 56.11 | 62.76 | NOTE | |
| r-devel-linux-x86_64-debian-gcc | 1.0.2 | 5.35 | 42.44 | 47.79 | NOTE | |
| r-devel-linux-x86_64-fedora-clang | 1.0.2 | 22.00 | 77.67 | 99.67 | OK | |
| r-devel-linux-x86_64-fedora-gcc | 1.0.2 | 13.00 | 76.35 | 89.35 | OK | |
| r-devel-windows-x86_64 | 1.0.2 | 7.00 | 67.00 | 74.00 | OK | |
| r-patched-linux-x86_64 | 1.0.2 | 6.72 | 54.00 | 60.72 | OK | |
| r-release-linux-x86_64 | 1.0.2 | 6.62 | 54.31 | 60.93 | OK | |
| r-release-macos-arm64 | 1.0.2 | 3.00 | 27.00 | 30.00 | OK | |
| r-release-macos-x86_64 | 1.0.2 | 5.00 | 43.00 | 48.00 | OK | |
| r-release-windows-x86_64 | 1.0.2 | 10.00 | 69.00 | 79.00 | OK | |
| r-oldrel-macos-arm64 | 1.0.2 | 3.00 | 26.00 | 29.00 | OK | |
| r-oldrel-macos-x86_64 | 1.0.2 | 5.00 | 38.00 | 43.00 | OK | |
| r-oldrel-windows-x86_64 | 1.0.2 | 10.00 | 82.00 | 92.00 | OK | 
Version: 1.0.2
Check: CRAN incoming feasibility
Result: NOTE
  Maintainer: ‘Denis Talbot <denis.talbot@fmed.ulaval.ca>’
  
  No Authors@R field in DESCRIPTION.
  Please add one, modifying
    Authors@R: c(person(given = "Denis",
                        family = "Talbot",
                        role = c("aut", "cre"),
                        email = "denis.talbot@fmed.ulaval.ca"),
                 person(given = "Thierry",
                        family = "Duchesne",
                        role = "aut"),
                 person(given = "Jacques",
                        family = "Brisson",
                        role = "aut"),
                 person(given = "Nathalie",
                        family = "Vandal",
                        role = "aut"))
  as necessary.
Flavors: r-devel-linux-x86_64-debian-clang, r-devel-linux-x86_64-debian-gcc