Last updated on 2025-10-16 09:50:10 CEST.
Flavor | Version | Tinstall | Tcheck | Ttotal | Status | Flags |
---|---|---|---|---|---|---|
r-devel-linux-x86_64-debian-clang | 0.6.0 | 27.64 | 102.52 | 130.16 | NOTE | |
r-devel-linux-x86_64-debian-gcc | 0.6.0 | 18.78 | 72.15 | 90.93 | NOTE | |
r-devel-linux-x86_64-fedora-clang | 0.6.1 | 213.16 | OK | |||
r-devel-linux-x86_64-fedora-gcc | 0.6.1 | 220.60 | OK | |||
r-devel-windows-x86_64 | 0.6.0 | 33.00 | 126.00 | 159.00 | NOTE | |
r-patched-linux-x86_64 | 0.6.0 | 28.19 | 98.10 | 126.29 | NOTE | |
r-release-linux-x86_64 | 0.6.0 | 27.10 | 98.54 | 125.64 | NOTE | |
r-release-macos-arm64 | 0.6.0 | 67.00 | OK | |||
r-release-macos-x86_64 | 0.6.1 | 131.00 | OK | |||
r-release-windows-x86_64 | 0.6.0 | 31.00 | 127.00 | 158.00 | NOTE | |
r-oldrel-macos-arm64 | 0.6.0 | 61.00 | OK | |||
r-oldrel-macos-x86_64 | 0.6.1 | 129.00 | NOTE | |||
r-oldrel-windows-x86_64 | 0.6.0 | 41.00 | 161.00 | 202.00 | OK |
Version: 0.6.0
Check: CRAN incoming feasibility
Result: NOTE
Maintainer: ‘Thomas C. Fischer <thomascasparfischer@gmail.com>’
The Description field contains
(2022) <arXiv:2008.02904>. Reinhard Furrer and Roman Flury and Florian
Please refer to arXiv e-prints via their arXiv DOI <doi:10.48550/arXiv.YYMM.NNNNN>.
Flavors: r-devel-linux-x86_64-debian-clang, r-devel-linux-x86_64-debian-gcc
Version: 0.6.0
Check: Rd cross-references
Result: NOTE
Found the following Rd file(s) with Rd \link{} targets missing package
anchors:
factory-mleFactory.Rd: optimParallel
factory-optimFactory.Rd: optimParallel
Please provide package anchors for all Rd \link{} targets not in the
package itself and the base packages.
Flavors: r-devel-linux-x86_64-debian-clang, r-devel-linux-x86_64-debian-gcc, r-devel-windows-x86_64, r-patched-linux-x86_64, r-release-linux-x86_64, r-release-windows-x86_64
Version: 0.6.1
Check: installed package size
Result: NOTE
installed size is 5.1Mb
sub-directories of 1Mb or more:
doc 1.4Mb
libs 3.6Mb
Flavor: r-oldrel-macos-x86_64