Last updated on 2025-11-15 11:50:45 CET.
| Flavor | Version | Tinstall | Tcheck | Ttotal | Status | Flags |
|---|---|---|---|---|---|---|
| r-devel-linux-x86_64-debian-clang | 1.0.0 | 124.91 | 107.61 | 232.52 | OK | |
| r-devel-linux-x86_64-debian-gcc | 1.0.0 | 100.83 | 108.76 | 209.59 | OK | |
| r-devel-linux-x86_64-fedora-clang | 1.0.0 | 149.00 | 215.75 | 364.75 | OK | |
| r-devel-linux-x86_64-fedora-gcc | 1.0.0 | 356.00 | 106.64 | 462.64 | OK | |
| r-devel-windows-x86_64 | 1.0.0 | 142.00 | 182.00 | 324.00 | OK | |
| r-patched-linux-x86_64 | 1.0.0 | 138.14 | 117.84 | 255.98 | OK | |
| r-release-linux-x86_64 | 1.0.0 | 137.02 | 117.17 | 254.19 | OK | |
| r-release-macos-arm64 | 1.0.0 | 47.00 | 52.00 | 99.00 | OK | |
| r-release-macos-x86_64 | 1.0.0 | 43.00 | 145.00 | 188.00 | OK | |
| r-release-windows-x86_64 | 1.0.0 | 127.00 | 185.00 | 312.00 | OK | |
| r-oldrel-macos-arm64 | 1.0.0 | 46.00 | 58.00 | 104.00 | NOTE | |
| r-oldrel-macos-x86_64 | 1.0.0 | 45.00 | 120.00 | 165.00 | NOTE | |
| r-oldrel-windows-x86_64 | 1.0.0 | 159.00 | 210.00 | 369.00 | OK |
Version: 1.0.0
Check: installed package size
Result: NOTE
installed size is 25.4Mb
sub-directories of 1Mb or more:
libs 24.6Mb
Flavors: r-oldrel-macos-arm64, r-oldrel-macos-x86_64