Last updated on 2024-07-19 10:56:45 CEST.
Flavor | Version | Tinstall | Tcheck | Ttotal | Status | Flags |
---|---|---|---|---|---|---|
r-devel-linux-x86_64-debian-clang | 1.4.2 | 682.21 | 136.96 | 819.17 | OK | |
r-devel-linux-x86_64-debian-gcc | 1.4.2 | 431.45 | 137.11 | 568.56 | OK | |
r-devel-linux-x86_64-fedora-clang | 1.4.2 | 1071.77 | OK | |||
r-devel-linux-x86_64-fedora-gcc | 1.4.2 | 1311.14 | OK | |||
r-devel-windows-x86_64 | 1.4.2 | 419.00 | 173.00 | 592.00 | OK | |
r-patched-linux-x86_64 | 1.4.2 | 531.75 | 173.72 | 705.47 | OK | |
r-release-linux-x86_64 | 1.4.2 | 581.49 | 174.83 | 756.32 | OK | |
r-release-macos-arm64 | 1.4.2 | 222.00 | NOTE | |||
r-release-macos-x86_64 | 1.4.2 | 190.00 | NOTE | |||
r-release-windows-x86_64 | 1.4.2 | 473.00 | 166.00 | 639.00 | OK | |
r-oldrel-macos-arm64 | 1.4.2 | 232.00 | NOTE | |||
r-oldrel-macos-x86_64 | 1.4.2 | 246.00 | NOTE | |||
r-oldrel-windows-x86_64 | 1.4.2 | 532.00 | 208.00 | 740.00 | OK |
Version: 1.4.2
Check: installed package size
Result: NOTE
installed size is 50.2Mb
sub-directories of 1Mb or more:
libs 49.8Mb
Flavors: r-release-macos-arm64, r-release-macos-x86_64, r-oldrel-macos-arm64, r-oldrel-macos-x86_64