Last updated on 2025-10-30 09:49:47 CET.
| Flavor | Version | Tinstall | Tcheck | Ttotal | Status | Flags | 
|---|---|---|---|---|---|---|
| r-devel-linux-x86_64-debian-clang | 1.0 | 2.30 | 21.63 | 23.93 | NOTE | |
| r-devel-linux-x86_64-debian-gcc | 1.0 | 1.77 | 17.02 | 18.79 | NOTE | |
| r-devel-linux-x86_64-fedora-clang | 1.0 | 12.00 | 25.28 | 37.28 | NOTE | |
| r-devel-linux-x86_64-fedora-gcc | 1.0 | 33.82 | NOTE | |||
| r-devel-windows-x86_64 | 1.0 | 5.00 | 41.00 | 46.00 | NOTE | |
| r-patched-linux-x86_64 | 1.0 | 2.44 | 20.36 | 22.80 | NOTE | |
| r-release-linux-x86_64 | 1.0 | 2.15 | 20.42 | 22.57 | NOTE | |
| r-release-macos-arm64 | 1.0 | 1.00 | 15.00 | 16.00 | NOTE | |
| r-release-macos-x86_64 | 1.0 | 2.00 | 23.00 | 25.00 | NOTE | |
| r-release-windows-x86_64 | 1.0 | 4.00 | 42.00 | 46.00 | NOTE | |
| r-oldrel-macos-arm64 | 1.0 | 1.00 | 14.00 | 15.00 | NOTE | |
| r-oldrel-macos-x86_64 | 1.0 | 2.00 | 20.00 | 22.00 | NOTE | |
| r-oldrel-windows-x86_64 | 1.0 | 4.00 | 51.00 | 55.00 | NOTE | 
Version: 1.0
Check: CRAN incoming feasibility
Result: NOTE
  Maintainer: ‘Vinca Prana <vinca.prana@free.fr>’
  
  No Authors@R field in DESCRIPTION.
  Please add one, modifying
    Authors@R: person(given = "Vinca",
                      family = "Prana",
                      role = c("aut", "cre"),
                      email = "vinca.prana@free.fr")
  as necessary.
Flavors: r-devel-linux-x86_64-debian-clang, r-devel-linux-x86_64-debian-gcc
Version: 1.0
Check: Rd files
Result: NOTE
  checkRd: (-1) scramb.Rd:44: Escaped LaTeX specials: \&
Flavors: r-devel-linux-x86_64-debian-clang, r-devel-linux-x86_64-debian-gcc, r-devel-linux-x86_64-fedora-clang, r-devel-linux-x86_64-fedora-gcc, r-devel-windows-x86_64, r-patched-linux-x86_64, r-release-linux-x86_64, r-release-macos-arm64, r-release-macos-x86_64, r-release-windows-x86_64, r-oldrel-macos-arm64, r-oldrel-macos-x86_64, r-oldrel-windows-x86_64