Last updated on 2025-10-21 09:48:28 CEST.
Flavor | Version | Tinstall | Tcheck | Ttotal | Status | Flags |
---|---|---|---|---|---|---|
r-devel-linux-x86_64-debian-clang | 3.6.0 | 201.56 | 118.28 | 319.84 | OK | |
r-devel-linux-x86_64-debian-gcc | 3.6.0 | 161.75 | 86.23 | 247.98 | NOTE | |
r-devel-linux-x86_64-fedora-clang | 3.6.0 | 561.39 | OK | |||
r-devel-linux-x86_64-fedora-gcc | 3.6.0 | 619.41 | OK | |||
r-devel-windows-x86_64 | 3.6.0 | 268.00 | 163.00 | 431.00 | OK | |
r-patched-linux-x86_64 | 3.6.0 | 230.40 | 115.65 | 346.05 | OK | |
r-release-linux-x86_64 | 3.6.0 | 231.12 | 115.41 | 346.53 | OK | |
r-release-macos-arm64 | 3.6.0 | 137.00 | OK | |||
r-release-macos-x86_64 | 3.6.0 | 208.00 | OK | |||
r-release-windows-x86_64 | 3.6.0 | 261.00 | 162.00 | 423.00 | OK | |
r-oldrel-macos-arm64 | 3.6.0 | 139.00 | NOTE | |||
r-oldrel-macos-x86_64 | 3.6.0 | 221.00 | NOTE | |||
r-oldrel-windows-x86_64 | 3.6.0 | 323.00 | 213.00 | 536.00 | OK |
Version: 3.6.0
Check: HTML version of manual
Result: NOTE
Found the following HTML validation problems:
finalizeSqlCyclopsData.html:76:1 (finalizeSqlCyclopsData.Rd:30): Warning: missing </ul> before </div>
fitCyclopsSimulation.html:75:1 (fitCyclopsSimulation.Rd:27): Warning: missing </ul> before </div>
getCovariateIds.html:46:1 (getCovariateIds.Rd:10): Warning: missing </ul> before </div>
getCovariateTypes.html:50:1 (getCovariateTypes.Rd:12): Warning: missing </ul> before </div>
getCrossValidationInfo.html:46:1 (getCrossValidationInfo.Rd:10): Warning: missing </ul> before </div>
getFloatingPointSize.html:46:1 (getFloatingPointSize.Rd:10): Warning: missing </ul> before </div>
getNumberOfCovariates.html:46:1 (getNumberOfCovariates.Rd:10): Warning: missing </ul> before </div>
getNumberOfRows.html:46:1 (getNumberOfRows.Rd:10): Warning: missing </ul> before </div>
getNumberOfStrata.html:46:1 (getNumberOfStrata.Rd:10): Warning: missing </ul> before </div>
getNumberOfTypes.html:46:1 (getNumberOfTypes.Rd:10): Warning: missing </ul> before </div>
gradient.html:47:1 (gradient.Rd:10): Warning: missing </ul> before </div>
isInitialized.html:48:1 (isInitialized.Rd:10): Warning: missing </ul> before </div>
meanLinearPredictor.html:46:1 (meanLinearPredictor.Rd:10): Warning: missing </ul> before </div>
plotCyclopsSimulationFit.html:55:1 (plotCyclopsSimulationFit.Rd:14): Warning: missing </ul> before </div>
predict.cyclopsFit.html:59:1 (predict.cyclopsFit.Rd:16): Warning: missing </ul> before </div>
print.cyclopsData.html:55:1 (print.cyclopsData.Rd:14): Warning: missing </ul> before </div>
print.cyclopsFit.html:55:1 (print.cyclopsFit.Rd:14): Warning: missing </ul> before </div>
printMatrixMarket.html:50:1 (printMatrixMarket.Rd:12): Warning: missing </ul> before </div>
residuals.cyclopsFit.html:61:1 (residuals.cyclopsFit.Rd:18): Warning: missing </ul> before </div>
runBootstrap.html:58:1 (runBootstrap.Rd:16): Warning: missing </ul> before </div>
setOpenCLDevice.html:46:1 (setOpenCLDevice.Rd:10): Warning: missing </ul> before </div>
testProportionality.html:56:1 (testProportionality.Rd:15): Warning: missing </ul> before </div>
Flavor: r-devel-linux-x86_64-debian-gcc
Version: 3.6.0
Check: installed package size
Result: NOTE
installed size is 29.1Mb
sub-directories of 1Mb or more:
libs 28.2Mb
Flavors: r-oldrel-macos-arm64, r-oldrel-macos-x86_64