Last updated on 2024-07-16 09:50:11 CEST.
Flavor | Version | Tinstall | Tcheck | Ttotal | Status | Flags |
---|---|---|---|---|---|---|
r-devel-linux-x86_64-debian-clang | 0.4.4 | 16.48 | 57.35 | 73.83 | OK | |
r-devel-linux-x86_64-debian-gcc | 0.4.4 | 13.86 | 44.14 | 58.00 | OK | |
r-devel-linux-x86_64-fedora-clang | 0.4.4 | 95.32 | NOTE | |||
r-devel-linux-x86_64-fedora-gcc | 0.4.4 | 104.03 | OK | |||
r-devel-windows-x86_64 | 0.4.4 | 26.00 | 74.00 | 100.00 | OK | |
r-patched-linux-x86_64 | 0.4.4 | 15.97 | 55.59 | 71.56 | OK | |
r-release-linux-x86_64 | 0.4.4 | 16.72 | 57.25 | 73.97 | OK | |
r-release-macos-arm64 | 0.4.4 | 43.00 | OK | |||
r-release-macos-x86_64 | 0.4.4 | 97.00 | OK | |||
r-release-windows-x86_64 | 0.4.4 | 27.00 | 74.00 | 101.00 | OK | |
r-oldrel-macos-arm64 | 0.4.4 | 48.00 | OK | |||
r-oldrel-macos-x86_64 | 0.4.4 | 72.00 | OK | |||
r-oldrel-windows-x86_64 | 0.4.4 | 28.00 | 82.00 | 110.00 | OK |
Version: 0.4.4
Check: Rd cross-references
Result: NOTE
Undeclared package ‘caret’ in Rd xrefs
Flavor: r-devel-linux-x86_64-fedora-clang