Last updated on 2025-10-22 09:50:30 CEST.
Flavor | Version | Tinstall | Tcheck | Ttotal | Status | Flags |
---|---|---|---|---|---|---|
r-devel-linux-x86_64-debian-clang | 1.0-15 | 125.14 | 318.05 | 443.19 | NOTE | |
r-devel-linux-x86_64-debian-gcc | 1.0-15 | 82.44 | 214.82 | 297.26 | NOTE | |
r-devel-linux-x86_64-fedora-clang | 1.0-15 | 245.00 | 460.46 | 705.46 | OK | |
r-devel-linux-x86_64-fedora-gcc | 1.0-15 | 280.00 | 427.44 | 707.44 | OK | |
r-devel-windows-x86_64 | 1.0-15 | 132.00 | 344.00 | 476.00 | OK | |
r-patched-linux-x86_64 | 1.0-15 | 133.33 | 295.46 | 428.79 | OK | |
r-release-linux-x86_64 | 1.0-15 | 125.11 | 298.18 | 423.29 | OK | |
r-release-macos-arm64 | 1.0-15 | 48.00 | 125.00 | 173.00 | OK | |
r-release-macos-x86_64 | 1.0-15 | 80.00 | 309.00 | 389.00 | OK | |
r-release-windows-x86_64 | 1.0-15 | 139.00 | 352.00 | 491.00 | OK | |
r-oldrel-macos-arm64 | 1.0-15 | 47.00 | 137.00 | 184.00 | NOTE | |
r-oldrel-macos-x86_64 | 1.0-15 | 87.00 | 234.00 | 321.00 | NOTE | |
r-oldrel-windows-x86_64 | 1.0-15 | 173.00 | 447.00 | 620.00 | NOTE |
Version: 1.0-15
Check: HTML version of manual
Result: NOTE
Found the following HTML validation problems:
Complex2Real.add.html:54:1 (Complex2Real.add.Rd:14): Warning: missing </ul> before </div>
Solution-class.html:47:1 (Solution-class.Rd:13): Warning: missing </ul> before </div>
dot-LinOpVector__push_back.html:50:1 (dot-LinOpVector__push_back.Rd:12): Warning: missing </ul> before </div>
dot-LinOp__args_push_back.html:50:1 (dot-LinOp__args_push_back.Rd:12): Warning: missing </ul> before </div>
dot-LinOp__set_dense_data.html:50:1 (dot-LinOp__set_dense_data.Rd:12): Warning: missing </ul> before </div>
dot-LinOp__set_size.html:50:1 (dot-LinOp__set_size.Rd:12): Warning: missing </ul> before </div>
dot-LinOp__set_sparse.html:50:1 (dot-LinOp__set_sparse.Rd:12): Warning: missing </ul> before </div>
dot-LinOp__set_sparse_data.html:50:1 (dot-LinOp__set_sparse_data.Rd:12): Warning: missing </ul> before </div>
dot-LinOp__set_type.html:50:1 (dot-LinOp__set_type.Rd:12): Warning: missing </ul> before </div>
dot-LinOp__size_push_back.html:50:1 (dot-LinOp__size_push_back.Rd:12): Warning: missing </ul> before </div>
dot-LinOp__slice_push_back.html:50:1 (dot-LinOp__slice_push_back.Rd:12): Warning: missing </ul> before </div>
dot-LinOp_at_index.html:50:1 (dot-LinOp_at_index.Rd:12): Warning: missing </ul> before </div>
dot-ProblemData__set_I.html:50:1 (dot-ProblemData__set_I.Rd:12): Warning: missing </ul> before </div>
dot-ProblemData__set_J.html:50:1 (dot-ProblemData__set_J.Rd:12): Warning: missing </ul> before </div>
dot-ProblemData__set_V.html:50:1 (dot-ProblemData__set_V.Rd:12): Warning: missing </ul> before </div>
dot-ProblemData__set_const_to_row.html:50:1 (dot-ProblemData__set_const_to_row.Rd:12): Warning: missing </ul> before </div>
dot-ProblemData__set_const_vec.html:50:1 (dot-ProblemData__set_const_vec.Rd:12): Warning: missing </ul> before </div>
dot-ProblemData__set_id_to_col.html:50:1 (dot-ProblemData__set_id_to_col.Rd:12): Warning: missing </ul> before </div>
dual_value-methods.html:52:1 (dual_value-methods.Rd:16): Warning: missing </ul> before </div>
mul_elemwise.html:53:1 (mul_elemwise.Rd:17): Warning: missing </ul> before </div>
validate_args.html:46:1 (validate_args.Rd:11): Warning: missing </ul> before </div>
Flavors: r-devel-linux-x86_64-debian-clang, r-devel-linux-x86_64-debian-gcc
Version: 1.0-15
Check: package dependencies
Result: NOTE
Packages which this enhances but not available for checking:
'Rcplex', 'gurobi', 'rcbc'
Flavors: r-oldrel-macos-arm64, r-oldrel-macos-x86_64, r-oldrel-windows-x86_64
Version: 1.0-15
Check: installed package size
Result: NOTE
installed size is 10.5Mb
sub-directories of 1Mb or more:
R 3.1Mb
doc 1.2Mb
help 1.1Mb
libs 4.7Mb
Flavors: r-oldrel-macos-arm64, r-oldrel-macos-x86_64, r-oldrel-windows-x86_64