Last updated on 2025-11-16 09:49:22 CET.
| Flavor | Version | Tinstall | Tcheck | Ttotal | Status | Flags |
|---|---|---|---|---|---|---|
| r-devel-linux-x86_64-debian-clang | 0.1.1 | 2.88 | 54.21 | 57.09 | NOTE | |
| r-devel-linux-x86_64-debian-gcc | 0.1.1 | 2.02 | 39.77 | 41.79 | NOTE | |
| r-devel-linux-x86_64-fedora-clang | 0.1.1 | 87.80 | OK | |||
| r-devel-linux-x86_64-fedora-gcc | 0.1.1 | 96.95 | OK | |||
| r-devel-windows-x86_64 | 0.1.1 | 5.00 | 75.00 | 80.00 | OK | |
| r-patched-linux-x86_64 | 0.1.1 | 3.39 | 52.22 | 55.61 | OK | |
| r-release-linux-x86_64 | 0.1.1 | 2.54 | 52.15 | 54.69 | OK | |
| r-release-macos-arm64 | 0.1.1 | 1.00 | 38.00 | 39.00 | OK | |
| r-release-macos-x86_64 | 0.1.1 | 2.00 | 67.00 | 69.00 | OK | |
| r-release-windows-x86_64 | 0.1.1 | 4.00 | 74.00 | 78.00 | OK | |
| r-oldrel-macos-arm64 | 0.1.1 | 1.00 | 34.00 | 35.00 | NOTE | |
| r-oldrel-macos-x86_64 | 0.1.1 | 2.00 | 49.00 | 51.00 | NOTE | |
| r-oldrel-windows-x86_64 | 0.1.1 | 5.00 | 88.00 | 93.00 | NOTE |
Version: 0.1.1
Check: CRAN incoming feasibility
Result: NOTE
Maintainer: ‘Stefan Konigorski <stefan.konigorski@gmail.com>’
Package CITATION file contains call(s) to old-style personList() or
as.personList(). Please use c() on person objects instead.
Package CITATION file contains call(s) to old-style citEntry(). Please
use bibentry() instead.
Flavors: r-devel-linux-x86_64-debian-clang, r-devel-linux-x86_64-debian-gcc
Version: 0.1.1
Check: LazyData
Result: NOTE
'LazyData' is specified without a 'data' directory
Flavors: r-oldrel-macos-arm64, r-oldrel-macos-x86_64, r-oldrel-windows-x86_64