Last updated on 2024-07-19 10:56:42 CEST.
Flavor | Version | Tinstall | Tcheck | Ttotal | Status | Flags |
---|---|---|---|---|---|---|
r-devel-linux-x86_64-debian-clang | 1.1.9 | 84.49 | 43.53 | 128.02 | NOTE | |
r-devel-linux-x86_64-debian-gcc | 1.1.9 | 57.19 | 36.43 | 93.62 | NOTE | |
r-devel-linux-x86_64-fedora-clang | 1.1.9 | 166.36 | NOTE | |||
r-devel-linux-x86_64-fedora-gcc | 1.1.9 | 201.13 | NOTE | |||
r-devel-windows-x86_64 | 1.1.9 | 59.00 | 80.00 | 139.00 | NOTE | |
r-patched-linux-x86_64 | 1.1.9 | 81.43 | 47.05 | 128.48 | NOTE | |
r-release-linux-x86_64 | 1.1.9 | 77.05 | 48.00 | 125.05 | NOTE | |
r-release-macos-arm64 | 1.1.9 | 47.00 | NOTE | |||
r-release-macos-x86_64 | 1.1.9 | 64.00 | NOTE | |||
r-release-windows-x86_64 | 1.1.9 | 64.00 | 78.00 | 142.00 | NOTE | |
r-oldrel-macos-arm64 | 1.1.9 | 56.00 | NOTE | |||
r-oldrel-macos-x86_64 | 1.1.9 | 78.00 | NOTE | |||
r-oldrel-windows-x86_64 | 1.1.9 | 76.00 | 85.00 | 161.00 | NOTE |
Version: 1.1.9
Check: C++ specification
Result: NOTE
Specified C++11: please drop specification unless essential
Flavors: r-devel-linux-x86_64-debian-clang, r-devel-linux-x86_64-debian-gcc, r-devel-linux-x86_64-fedora-clang, r-devel-linux-x86_64-fedora-gcc, r-devel-windows-x86_64, r-patched-linux-x86_64, r-release-linux-x86_64, r-release-macos-arm64, r-release-macos-x86_64, r-release-windows-x86_64, r-oldrel-macos-arm64, r-oldrel-macos-x86_64, r-oldrel-windows-x86_64
Version: 1.1.9
Check: LazyData
Result: NOTE
'LazyData' is specified without a 'data' directory
Flavors: r-devel-linux-x86_64-debian-clang, r-devel-linux-x86_64-debian-gcc, r-devel-linux-x86_64-fedora-clang, r-devel-linux-x86_64-fedora-gcc, r-devel-windows-x86_64, r-patched-linux-x86_64, r-release-linux-x86_64, r-release-macos-arm64, r-release-macos-x86_64, r-release-windows-x86_64, r-oldrel-macos-arm64, r-oldrel-macos-x86_64, r-oldrel-windows-x86_64
Version: 1.1.9
Check: package dependencies
Result: NOTE
Package suggested but not available for checking: ‘doMPI’
Flavors: r-release-macos-arm64, r-release-macos-x86_64, r-oldrel-macos-arm64, r-oldrel-macos-x86_64
Version: 1.1.9
Check: installed package size
Result: NOTE
installed size is 20.2Mb
sub-directories of 1Mb or more:
libs 20.0Mb
Flavors: r-release-macos-arm64, r-release-macos-x86_64, r-oldrel-macos-arm64, r-oldrel-macos-x86_64