Last updated on 2024-08-10 09:48:06 CEST.
Flavor | Version | Tinstall | Tcheck | Ttotal | Status | Flags |
---|---|---|---|---|---|---|
r-devel-linux-x86_64-debian-clang | 1.3.0 | 0.20 | 1.65 | 1.85 | ERROR | |
r-devel-linux-x86_64-debian-gcc | 1.3.0 | 0.25 | 1.63 | 1.88 | ERROR | |
r-devel-linux-x86_64-fedora-clang | 1.3.0 | 124.98 | OK | |||
r-devel-linux-x86_64-fedora-gcc | 1.3.0 | 114.79 | OK | |||
r-devel-windows-x86_64 | 1.3.0 | 10.00 | 81.00 | 91.00 | OK | |
r-patched-linux-x86_64 | 1.3.0 | 6.99 | 65.70 | 72.69 | OK | |
r-release-linux-x86_64 | 1.3.0 | 7.11 | 64.65 | 71.76 | OK | |
r-release-macos-arm64 | 1.3.0 | 35.00 | OK | |||
r-release-macos-x86_64 | 1.3.0 | 59.00 | OK | |||
r-release-windows-x86_64 | 1.3.0 | 8.00 | 82.00 | 90.00 | OK | |
r-oldrel-macos-arm64 | 1.3.0 | 46.00 | OK | |||
r-oldrel-macos-x86_64 | 1.3.0 | 84.00 | OK | |||
r-oldrel-windows-x86_64 | 1.3.0 | 12.00 | 97.00 | 109.00 | OK |
Version: 1.3.0
Check: package dependencies
Result: ERROR
Package required but not available: ‘DWreg’
See section ‘The DESCRIPTION file’ in the ‘Writing R Extensions’
manual.
Flavors: r-devel-linux-x86_64-debian-clang, r-devel-linux-x86_64-debian-gcc