Last updated on 2025-11-20 11:51:04 CET.
| Flavor | Version | Tinstall | Tcheck | Ttotal | Status | Flags |
|---|---|---|---|---|---|---|
| r-devel-linux-x86_64-debian-clang | 1.7-2 | 8.19 | 36.09 | 44.28 | NOTE | |
| r-devel-linux-x86_64-debian-gcc | 1.7-2 | 5.15 | 26.70 | 31.85 | NOTE | |
| r-devel-linux-x86_64-fedora-clang | 1.7-2 | 17.00 | 52.61 | 69.61 | OK | |
| r-devel-linux-x86_64-fedora-gcc | 1.7-2 | 16.00 | 62.21 | 78.21 | OK | |
| r-devel-windows-x86_64 | 1.7-2 | 10.00 | 51.00 | 61.00 | OK | |
| r-patched-linux-x86_64 | 1.7-2 | 7.19 | 33.53 | 40.72 | OK | |
| r-release-linux-x86_64 | 1.7-2 | 7.16 | 33.47 | 40.63 | OK | |
| r-release-macos-arm64 | 1.7-2 | OK | ||||
| r-release-macos-x86_64 | 1.7-2 | 8.00 | 47.00 | 55.00 | OK | |
| r-release-windows-x86_64 | 1.7-2 | 9.00 | 50.00 | 59.00 | OK | |
| r-oldrel-macos-arm64 | 1.7-2 | OK | ||||
| r-oldrel-macos-x86_64 | 1.7-2 | 6.00 | 37.00 | 43.00 | OK | |
| r-oldrel-windows-x86_64 | 1.7-2 | 10.00 | 60.00 | 70.00 | OK |
Version: 1.7-2
Check: CRAN incoming feasibility
Result: NOTE
Maintainer: ‘John Lawson <lawsonjsl7net@gmail.com>’
No Authors@R field in DESCRIPTION.
Please add one, modifying
Authors@R: person(given = "John",
family = "Lawson",
role = c("aut", "cre"),
email = "lawsonjsl7net@gmail.com")
as necessary.
Flavors: r-devel-linux-x86_64-debian-clang, r-devel-linux-x86_64-debian-gcc