############################################################################## ############################################################################## ### ### Running command: ### ### /home/biocbuild/bbs-3.22-bioc/R/bin/R CMD build --keep-empty-dirs --no-resave-data emtdata ### ############################################################################## ############################################################################## * checking for file ‘emtdata/DESCRIPTION’ ... OK * preparing ‘emtdata’: * checking DESCRIPTION meta-information ... OK * installing the package to build vignettes * creating vignettes ... ERROR --- re-building ‘emtdataR.Rmd’ using rmarkdown Quitting from emtdataR.Rmd:54-56 [download-emtdata-cursons2018-id] ~~~~~~~~~~~~~~~~~~~~~~~~~~~~~~~~~~~~~~~~~~~~~~~~~~~~~~~~~~~~~~~~~~~~~~~~~~~~~~~~ Error: ! failed to load resource name: EH5440 title: cursons2018_se reason: 1 resources failed to download --- Backtrace: ▆ 1. ├─eh[["EH5440"]] 2. └─eh[["EH5440"]] 3. └─ExperimentHub (local) .local(x, i, j = j, ...) 4. ├─methods::callNextMethod(...) 5. │ └─base::eval(call, callEnv) 6. │ └─base::eval(call, callEnv) 7. └─AnnotationHub (local) .nextMethod(...) 8. └─AnnotationHub (local) .local(x, i, j = j, ...) 9. └─AnnotationHub:::.Hub_get1(...) 10. └─base::tryCatch(...) 11. └─base (local) tryCatchList(expr, classes, parentenv, handlers) 12. └─base (local) tryCatchOne(expr, names, parentenv, handlers[[1L]]) 13. └─value[[3L]](cond) 14. └─base::tryCatch(...) 15. └─base (local) tryCatchList(expr, classes, parentenv, handlers) 16. └─base (local) tryCatchOne(expr, names, parentenv, handlers[[1L]]) 17. └─value[[3L]](cond) ~~~~~~~~~~~~~~~~~~~~~~~~~~~~~~~~~~~~~~~~~~~~~~~~~~~~~~~~~~~~~~~~~~~~~~~~~~~~~~~~ Error: processing vignette 'emtdataR.Rmd' failed with diagnostics: failed to load resource name: EH5440 title: cursons2018_se reason: 1 resources failed to download --- failed re-building ‘emtdataR.Rmd’ SUMMARY: processing the following file failed: ‘emtdataR.Rmd’ Error: Vignette re-building failed. Execution halted