############################################################################## ############################################################################## ### ### Running command: ### ### /home/rapidbuild/bbs-3.22-bioc-rapid/R/bin/R CMD build --keep-empty-dirs --no-resave-data HDF5Array ### ############################################################################## ############################################################################## * checking for file ‘HDF5Array/DESCRIPTION’ ... OK * preparing ‘HDF5Array’: * checking DESCRIPTION meta-information ... OK * installing the package to build vignettes * creating vignettes ... ERROR --- re-building ‘HDF5Array_performance.Rmd’ using rmarkdown Quitting from HDF5Array_performance.Rmd:50-55 [load] ~~~~~~~~~~~~~~~~~~~~~~~~~~~~~~~~~~~~~~~~~~~~~~~~~~~~~~~~~~~~~~~~~~~~~~~~~~~~~~~~ Error in `library()`: ! there is no package called 'ExperimentHub' --- Backtrace: ▆ 1. └─base::library(ExperimentHub) ~~~~~~~~~~~~~~~~~~~~~~~~~~~~~~~~~~~~~~~~~~~~~~~~~~~~~~~~~~~~~~~~~~~~~~~~~~~~~~~~ Error: processing vignette 'HDF5Array_performance.Rmd' failed with diagnostics: there is no package called 'ExperimentHub' --- failed re-building ‘HDF5Array_performance.Rmd’ SUMMARY: processing the following file failed: ‘HDF5Array_performance.Rmd’ Error: Vignette re-building failed. Execution halted