############################################################################## ############################################################################## ### ### Running command: ### ### /Library/Frameworks/R.framework/Resources/bin/R CMD build --keep-empty-dirs --no-resave-data spatialDE ### ############################################################################## ############################################################################## * checking for file ‘spatialDE/DESCRIPTION’ ... OK * preparing ‘spatialDE’: * checking DESCRIPTION meta-information ... OK * installing the package to build vignettes * creating vignettes ... ERROR --- re-building ‘spatialDE.Rmd’ using rmarkdown python-build: use openssl@3 from homebrew python-build: use readline from homebrew Downloading Python-3.11.14.tar.xz... -> https://www.python.org/ftp/python/3.11.14/Python-3.11.14.tar.xz Installing Python-3.11.14... python-build: use readline from homebrew python-build: use ncurses from homebrew python-build: use zlib from xcode sdk BUILD FAILED (OS X 12.7.6 using python-build 2.6.12) Inspect or clean up the working tree at /tmp/python-build.20251031185640.66327 Results logged to /tmp/python-build.20251031185640.66327.log Last 10 log lines: "_mkfifoat", referenced from: _os_mkfifo in lto.o "_mknodat", referenced from: _os_mknod in lto.o ld: symbol(s) not found for architecture x86_64 clang: error: linker command failed with exit code 1 (use -v to see invocation) make[3]: *** [Programs/_freeze_module] Error 1 make[2]: *** [build_all_generate_profile] Error 2 make[1]: *** [profile-gen-stamp] Error 2 make: *** [profile-run-stamp] Error 2 Quitting from spatialDE.Rmd:122-125 [stabilize] ~~~~~~~~~~~~~~~~~~~~~~~~~~~~~~~~~~~~~~~~~~~~~~~~~~~~~~~~~~~~~~~~~~~~~~~~~~~~~~~~ Error: ! installation of Python 3.11 failed --- Backtrace: ▆ 1. └─spatialDE::stabilize(Rep11_MOB_0) 2. └─basilisk::basiliskStart(spatialDE_env, testload = "scipy.optimize") 3. └─basilisk::obtainEnvironmentPath(env) 4. └─basilisk::setupBasiliskEnv(...) 5. ├─base::suppressMessages(install_python(version)) 6. │ └─base::withCallingHandlers(...) 7. └─reticulate::install_python(version) 8. └─reticulate:::stopf("installation of Python %s failed", version) ~~~~~~~~~~~~~~~~~~~~~~~~~~~~~~~~~~~~~~~~~~~~~~~~~~~~~~~~~~~~~~~~~~~~~~~~~~~~~~~~ Error: processing vignette 'spatialDE.Rmd' failed with diagnostics: installation of Python 3.11 failed --- failed re-building ‘spatialDE.Rmd’ SUMMARY: processing the following file failed: ‘spatialDE.Rmd’ Error: Vignette re-building failed. Execution halted