############################################################################## ############################################################################## ### ### Running command: ### ### /home/biocbuild/bbs-3.22-bioc/R/bin/R CMD build --keep-empty-dirs --no-resave-data --md5 gatom ### ############################################################################## ############################################################################## * checking for file ‘gatom/DESCRIPTION’ ... OK * preparing ‘gatom’: * checking DESCRIPTION meta-information ... OK * installing the package to build vignettes * creating vignettes ... ERROR --- re-building ‘gatom-tutorial.Rmd’ using rmarkdown Quitting from gatom-tutorial.Rmd:393-396 [unnamed-chunk-32] ~~~~~~~~~~~~~~~~~~~~~~~~~~~~~~~~~~~~~~~~~~~~~~~~~~~~~~~~~~~~~~~~~~~~~~~~~~~~~~~~ Error in `readRDS()`: ! cannot open the connection to 'http://artyomovlab.wustl.edu/publications/supp_materials/GATOM/met.lipids.db.rds' --- Backtrace: ▆ 1. └─base::readRDS(url("http://artyomovlab.wustl.edu/publications/supp_materials/GATOM/met.lipids.db.rds")) ~~~~~~~~~~~~~~~~~~~~~~~~~~~~~~~~~~~~~~~~~~~~~~~~~~~~~~~~~~~~~~~~~~~~~~~~~~~~~~~~ Error: processing vignette 'gatom-tutorial.Rmd' failed with diagnostics: cannot open the connection to 'http://artyomovlab.wustl.edu/publications/supp_materials/GATOM/met.lipids.db.rds' --- failed re-building ‘gatom-tutorial.Rmd’ SUMMARY: processing the following file failed: ‘gatom-tutorial.Rmd’ Error: Vignette re-building failed. Execution halted