############################################################################## ############################################################################## ### ### Running command: ### ### /Library/Frameworks/R.framework/Resources/bin/R CMD build --keep-empty-dirs --no-resave-data MetNet ### ############################################################################## ############################################################################## * checking for file ‘MetNet/DESCRIPTION’ ... OK * preparing ‘MetNet’: * checking DESCRIPTION meta-information ... OK * installing the package to process help pages * saving partial Rd database * creating vignettes ... ERROR --- re-building ‘MetNet.Rmd’ using rmarkdown 2025-10-14 04:16:36.443 R[48071:454310835] XType: Using static font registry. Quitting from MetNet.Rmd:607-611 [visualisation] ~~~~~~~~~~~~~~~~~~~~~~~~~~~~~~~~~~~~~~~~~~~~~~~~~~~~~~~~~~~~~~~~~~~~~~~~~~~~~~~~ NULL ~~~~~~~~~~~~~~~~~~~~~~~~~~~~~~~~~~~~~~~~~~~~~~~~~~~~~~~~~~~~~~~~~~~~~~~~~~~~~~~~ Error: processing vignette 'MetNet.Rmd' failed with diagnostics: Cannot create a graph object because the adjacency matrix contains NAs. --- failed re-building ‘MetNet.Rmd’ SUMMARY: processing the following file failed: ‘MetNet.Rmd’ Error: Vignette re-building failed. Execution halted