############################################################################## ############################################################################## ### ### Running command: ### ### /home/biocbuild/bbs-3.22-bioc/R/bin/R CMD build --keep-empty-dirs --no-resave-data --md5 GenomicRanges ### ############################################################################## ############################################################################## * checking for file ‘GenomicRanges/DESCRIPTION’ ... OK * preparing ‘GenomicRanges’: * checking DESCRIPTION meta-information ... OK * cleaning src * installing the package to build vignettes * creating vignettes ... ERROR --- re-building ‘GenomicRangesIntroduction.Rmd’ using rmarkdown --- finished re-building ‘GenomicRangesIntroduction.Rmd’ --- re-building ‘ExtendingGenomicRanges.Rnw’ using Sweave --- finished re-building ‘ExtendingGenomicRanges.Rnw’ --- re-building ‘GRanges_and_GRangesList_slides.Rnw’ using Sweave Warning in .merge_two_Seqinfo_objects(x, y) : The 2 combined objects have no sequence levels in common. (Use suppressWarnings() to suppress this warning.) Loading required package: SummarizedExperiment Loading required package: MatrixGenerics Loading required package: matrixStats Attaching package: ‘matrixStats’ The following objects are masked from ‘package:Biobase’: anyMissing, rowMedians Attaching package: ‘MatrixGenerics’ The following objects are masked from ‘package:matrixStats’: colAlls, colAnyNAs, colAnys, colAvgsPerRowSet, colCollapse, colCounts, colCummaxs, colCummins, colCumprods, colCumsums, colDiffs, colIQRDiffs, colIQRs, colLogSumExps, colMadDiffs, colMads, colMaxs, colMeans2, colMedians, colMins, colOrderStats, colProds, colQuantiles, colRanges, colRanks, colSdDiffs, colSds, colSums2, colTabulates, colVarDiffs, colVars, colWeightedMads, colWeightedMeans, colWeightedMedians, colWeightedSds, colWeightedVars, rowAlls, rowAnyNAs, rowAnys, rowAvgsPerColSet, rowCollapse, rowCounts, rowCummaxs, rowCummins, rowCumprods, rowCumsums, rowDiffs, rowIQRDiffs, rowIQRs, rowLogSumExps, rowMadDiffs, rowMads, rowMaxs, rowMeans2, rowMedians, rowMins, rowOrderStats, rowProds, rowQuantiles, rowRanges, rowRanks, rowSdDiffs, rowSds, rowSums2, rowTabulates, rowVarDiffs, rowVars, rowWeightedMads, rowWeightedMeans, rowWeightedMedians, rowWeightedSds, rowWeightedVars The following object is masked from ‘package:Biobase’: rowMedians Loading required package: Biostrings Loading required package: XVector Attaching package: ‘Biostrings’ The following object is masked from ‘package:base’: strsplit Loading required package: Rsamtools --- finished re-building ‘GRanges_and_GRangesList_slides.Rnw’ --- re-building ‘GenomicRangesHOWTOs.Rnw’ using Sweave Attaching package: ‘txdbmaker’ The following objects are masked from ‘package:GenomicFeatures’: UCSCFeatureDbTableSchema, browseUCSCtrack, getChromInfoFromBiomart, makeFDbPackageFromUCSC, makeFeatureDbFromUCSC, makePackageName, makeTxDb, makeTxDbFromBiomart, makeTxDbFromEnsembl, makeTxDbFromGFF, makeTxDbFromGRanges, makeTxDbFromUCSC, makeTxDbPackage, makeTxDbPackageFromBiomart, makeTxDbPackageFromUCSC, supportedMiRBaseBuildValues, supportedUCSCFeatureDbTables, supportedUCSCFeatureDbTracks, supportedUCSCtables Import genomic features from the file as a GRanges object ... OK Prepare the 'metadata' data frame ... OK Make the TxDb object ... Warning in .get_cds_IDX(mcols0$type, mcols0$phase) : The "phase" metadata column contains non-NA values for features of type exon. This information was ignored. Warning in .makeTxDb_normarg_chrominfo(chrominfo) : genome version information is not available for this TxDb object OK Loading required package: BiocFileCache Loading required package: dbplyr Attaching package: ‘AnnotationHub’ The following object is masked from ‘package:Biobase’: cache Error while performing HEAD request. Proceeding without cache information. Warning: download failed web resource path: ‘https://annotationhub.bioconductor.org/metadata/annotationhub.sqlite3’ local file path: ‘/home/biocbuild/.cache/R/AnnotationHub/file1047b93390a214’ reason: Failed to perform HTTP request. Caused by error in `curl::curl_fetch_disk()`: ! SSL connect error [annotationhub.bioconductor.org]: gnutls_handshake() failed: The TLS connection was non-properly terminated. Warning: bfcdownload() failed rid: BFC1 file: ‘https://annotationhub.bioconductor.org/metadata/annotationhub.sqlite3’ reason: download failed Warning: Could not check database for updates. Database source currently unreachable. This should only be a temporary interruption. Using previously cached version. Error: processing vignette 'GenomicRangesHOWTOs.Rnw' failed with diagnostics: chunk 29 (label = hub_1) Error in value[[3L]](cond) : failed to connect reason: Failed to perform HTTP request. Caused by error in `curl::curl_fetch_memory()`: ! SSL connect error [bioconductor.org]: gnutls_handshake() failed: The TLS connection was non-properly terminated. Consider rerunning with 'localHub=TRUE' --- failed re-building ‘GenomicRangesHOWTOs.Rnw’ --- re-building ‘Ten_things_slides.Rnw’ using Sweave Loading required package: BiocIO Loading required package: rtracklayer Attaching package: ‘rtracklayer’ The following object is masked from ‘package:AnnotationHub’: hubUrl Error in x$.self$finalize() : attempt to apply non-function Warning: call dbDisconnect() when finished working with a connection --- finished re-building ‘Ten_things_slides.Rnw’ SUMMARY: processing the following file failed: ‘GenomicRangesHOWTOs.Rnw’ Error: Vignette re-building failed. Execution halted