############################################################################## ############################################################################## ### ### Running command: ### ### /home/biocbuild/R/R/bin/R CMD build --keep-empty-dirs --no-resave-data BioNAR ### ############################################################################## ############################################################################## * checking for file ‘BioNAR/DESCRIPTION’ ... OK * preparing ‘BioNAR’: * checking DESCRIPTION meta-information ... OK * installing the package to build vignettes * creating vignettes ... ERROR --- re-building ‘BioNAR_overview.Rmd’ using rmarkdown Quitting from BioNAR_overview.Rmd:632-650 [plotly] ~~~~~~~~~~~~~~~~~~~~~~~~~~~~~~~~~~~~~~~~~~~~~~~~~~~~~~~~~~~~~~~~~~~~~~~~~~~~~~~~ Error in `pm[[2]]`: ! subscript out of bounds --- Backtrace: ▆ 1. ├─plotly::ggplotly(g) 2. └─plotly:::ggplotly.ggplot(g) 3. └─plotly::gg2list(...) ~~~~~~~~~~~~~~~~~~~~~~~~~~~~~~~~~~~~~~~~~~~~~~~~~~~~~~~~~~~~~~~~~~~~~~~~~~~~~~~~ Error: processing vignette 'BioNAR_overview.Rmd' failed with diagnostics: subscript out of bounds --- failed re-building ‘BioNAR_overview.Rmd’ SUMMARY: processing the following file failed: ‘BioNAR_overview.Rmd’ Error: Vignette re-building failed. Execution halted