############################################################################## ############################################################################## ### ### Running command: ### ### /home/biocbuild/bbs-3.23-bioc/R/bin/R CMD build --keep-empty-dirs --no-resave-data preciseTADhub ### ############################################################################## ############################################################################## * checking for file ‘preciseTADhub/DESCRIPTION’ ... OK * preparing ‘preciseTADhub’: * checking DESCRIPTION meta-information ... OK * installing the package (it is needed to build vignettes) * creating vignettes ... ERROR --- re-building ‘preciseTADhub.Rmd’ using rmarkdown Quitting from preciseTADhub.Rmd:46-54 [unnamed-chunk-1] ~~~~~~~~~~~~~~~~~~~~~~~~~~~~~~~~~~~~~~~~~~~~~~~~~~~~~~~~~~~~~~~~~~~~~~~~~~~~~~~~ Error in `library()`: ! there is no package called 'preciseTAD' --- Backtrace: ▆ 1. └─base::library(preciseTAD) ~~~~~~~~~~~~~~~~~~~~~~~~~~~~~~~~~~~~~~~~~~~~~~~~~~~~~~~~~~~~~~~~~~~~~~~~~~~~~~~~ Error: processing vignette 'preciseTADhub.Rmd' failed with diagnostics: there is no package called 'preciseTAD' --- failed re-building ‘preciseTADhub.Rmd’ SUMMARY: processing the following file failed: ‘preciseTADhub.Rmd’ Error: Vignette re-building failed. Execution halted