############################################################################## ############################################################################## ### ### Running command: ### ### /home/rapidbuild/bbs-3.22-bioc-rapid/R/bin/R CMD build --keep-empty-dirs --no-resave-data AnnotationForge ### ############################################################################## ############################################################################## * checking for file ‘AnnotationForge/DESCRIPTION’ ... OK * preparing ‘AnnotationForge’: * checking DESCRIPTION meta-information ... OK * installing the package to build vignettes * creating vignettes ... ERROR --- re-building ‘makeProbePackage.Rmd’ using rmarkdown See ‘/tmp/RtmpNWvV8X/hgu95av2probe.Rcheck/00check.log’ for details. Warning: closing unused connection 4 (/tmp/RtmpoqQ1zK/Rinst31df1e767d629c/AnnotationForge/extdata/HG-U95Av2_probe_tab.gz) --- finished re-building ‘makeProbePackage.Rmd’ --- re-building ‘MakingNewAnnotationPackages.Rnw’ using knitr Quitting from MakingNewAnnotationPackages.Rnw:53-57 [Homo.sapiens] ~~~~~~~~~~~~~~~~~~~~~~~~~~~~~~~~~~~~~~~~~~~~~~~~~~~~~~~~~~~~~~~~~~~~~~~~~~~~~ Error: ! package 'OrganismDbi' required by 'Homo.sapiens' could not be found --- Backtrace: x 1. \-base::library(Homo.sapiens) 2. \-base::.getRequiredPackages2(...) ~~~~~~~~~~~~~~~~~~~~~~~~~~~~~~~~~~~~~~~~~~~~~~~~~~~~~~~~~~~~~~~~~~~~~~~~~~~~~ Error: processing vignette 'MakingNewAnnotationPackages.Rnw' failed with diagnostics: package 'OrganismDbi' required by 'Homo.sapiens' could not be found --- failed re-building ‘MakingNewAnnotationPackages.Rnw’ --- re-building ‘MakingNewOrganismPackages.Rmd’ using knitr --- finished re-building ‘MakingNewOrganismPackages.Rmd’ --- re-building ‘SQLForge.Rnw’ using knitr Warning: call dbDisconnect() when finished working with a connection --- finished re-building ‘SQLForge.Rnw’ SUMMARY: processing the following file failed: ‘MakingNewAnnotationPackages.Rnw’ Error: Vignette re-building failed. Execution halted