############################################################################## ############################################################################## ### ### Running command: ### ### /home/biocbuild/bbs-3.23-bioc/R/bin/R CMD build --keep-empty-dirs --no-resave-data seqsetvis ### ############################################################################## ############################################################################## * checking for file ‘seqsetvis/DESCRIPTION’ ... OK * preparing ‘seqsetvis’: * checking DESCRIPTION meta-information ... OK * installing the package (it is needed to build vignettes) * creating vignettes ... ERROR --- re-building ‘seqsetvis_overview.Rmd’ using rmarkdown Quitting from seqsetvis_overview.Rmd:573-577 [load ChIPpeakAnno] ~~~~~~~~~~~~~~~~~~~~~~~~~~~~~~~~~~~~~~~~~~~~~~~~~~~~~~~~~~~~~~~~~~~~~~~~~~~~~~~~ Error: ! package or namespace load failed for 'ChIPpeakAnno': object 'microRNAs' is not exported by 'namespace:GenomicFeatures' --- Backtrace: ▆ 1. └─base::library(ChIPpeakAnno) 2. └─base::tryCatch(...) 3. └─base (local) tryCatchList(expr, classes, parentenv, handlers) 4. └─base (local) tryCatchOne(expr, names, parentenv, handlers[[1L]]) 5. └─value[[3L]](cond) ~~~~~~~~~~~~~~~~~~~~~~~~~~~~~~~~~~~~~~~~~~~~~~~~~~~~~~~~~~~~~~~~~~~~~~~~~~~~~~~~ Error: processing vignette 'seqsetvis_overview.Rmd' failed with diagnostics: package or namespace load failed for 'ChIPpeakAnno': object 'microRNAs' is not exported by 'namespace:GenomicFeatures' --- failed re-building ‘seqsetvis_overview.Rmd’ SUMMARY: processing the following file failed: ‘seqsetvis_overview.Rmd’ Error: Vignette re-building failed. Execution halted