############################################################################## ############################################################################## ### ### Running command: ### ### /home/biocbuild/bbs-3.23-bioc/R/bin/R CMD build --keep-empty-dirs --no-resave-data motifbreakR ### ############################################################################## ############################################################################## * checking for file ‘motifbreakR/DESCRIPTION’ ... OK * preparing ‘motifbreakR’: * checking DESCRIPTION meta-information ... OK * installing the package (it is needed to build vignettes) * creating vignettes ... ERROR --- re-building ‘motifbreakR-vignette.Rmd’ using rmarkdown Quitting from motifbreakR-vignette.Rmd:227-235 [runmotifbreakr] ~~~~~~~~~~~~~~~~~~~~~~~~~~~~~~~~~~~~~~~~~~~~~~~~~~~~~~~~~~~~~~~~~~~~~~~~~~~~~~~~~~~~~~~~~~~~~~~~~~~~ Error in `motifbreakR()`: ! BSgenome.Hsapiens.UCSC.hg19 is the genome selected for this snp list and is not present on your environment. Please load it and try again. --- Backtrace: ▆ 1. └─motifbreakR::motifbreakR(...) ~~~~~~~~~~~~~~~~~~~~~~~~~~~~~~~~~~~~~~~~~~~~~~~~~~~~~~~~~~~~~~~~~~~~~~~~~~~~~~~~~~~~~~~~~~~~~~~~~~~~ Error: processing vignette 'motifbreakR-vignette.Rmd' failed with diagnostics: BSgenome.Hsapiens.UCSC.hg19 is the genome selected for this snp list and is not present on your environment. Please load it and try again. --- failed re-building ‘motifbreakR-vignette.Rmd’ SUMMARY: processing the following file failed: ‘motifbreakR-vignette.Rmd’ Error: Vignette re-building failed. Execution halted