############################################################################## ############################################################################## ### ### Running command: ### ### /home/biocbuild/bbs-3.23-bioc/R/bin/R CMD build --keep-empty-dirs --no-resave-data hicVennDiagram ### ############################################################################## ############################################################################## * checking for file ‘hicVennDiagram/DESCRIPTION’ ... OK * preparing ‘hicVennDiagram’: * checking DESCRIPTION meta-information ... OK * installing the package (it is needed to build vignettes) * creating vignettes ... ERROR --- re-building ‘hicVennDiagram.Rmd’ using rmarkdown Quitting from hicVennDiagram.Rmd:136-246 [chippeakanno_findOverlapsOfPeaks] ~~~~~~~~~~~~~~~~~~~~~~~~~~~~~~~~~~~~~~~~~~~~~~~~~~~~~~~~~~~~~~~~~~~~~~~~~~~~~~~~ Error: ! package or namespace load failed for 'ChIPpeakAnno': object 'microRNAs' is not exported by 'namespace:GenomicFeatures' --- Backtrace: ▆ 1. └─base::library(ChIPpeakAnno) 2. └─base::tryCatch(...) 3. └─base (local) tryCatchList(expr, classes, parentenv, handlers) 4. └─base (local) tryCatchOne(expr, names, parentenv, handlers[[1L]]) 5. └─value[[3L]](cond) ~~~~~~~~~~~~~~~~~~~~~~~~~~~~~~~~~~~~~~~~~~~~~~~~~~~~~~~~~~~~~~~~~~~~~~~~~~~~~~~~ Error: processing vignette 'hicVennDiagram.Rmd' failed with diagnostics: package or namespace load failed for 'ChIPpeakAnno': object 'microRNAs' is not exported by 'namespace:GenomicFeatures' --- failed re-building ‘hicVennDiagram.Rmd’ SUMMARY: processing the following file failed: ‘hicVennDiagram.Rmd’ Error: Vignette re-building failed. Execution halted