############################################################################## ############################################################################## ### ### Running command: ### ### /home/biocbuild/bbs-3.23-bioc/R/bin/R CMD build --keep-empty-dirs --no-resave-data LimROTS ### ############################################################################## ############################################################################## * checking for file ‘LimROTS/DESCRIPTION’ ... OK * preparing ‘LimROTS’: * checking DESCRIPTION meta-information ... OK * installing the package (it is needed to build vignettes) * creating vignettes ... ERROR --- re-building ‘LimROTS.Rmd’ using rmarkdown Quitting from LimROTS.Rmd:199-216 [unnamed-chunk-8] ~~~~~~~~~~~~~~~~~~~~~~~~~~~~~~~~~~~~~~~~~~~~~~~~~~~~~~~~~~~~~~~~~~~~~~~~~~~~~~~~ Error in `apply()`: ! dim(X) must have a positive length --- Backtrace: ▆ 1. └─LimROTS::LimROTS(...) 2. └─LimROTS:::calculateFalseDiscoveryRate(d, pD) 3. └─base::apply(...) ~~~~~~~~~~~~~~~~~~~~~~~~~~~~~~~~~~~~~~~~~~~~~~~~~~~~~~~~~~~~~~~~~~~~~~~~~~~~~~~~ Error: processing vignette 'LimROTS.Rmd' failed with diagnostics: dim(X) must have a positive length --- failed re-building ‘LimROTS.Rmd’ SUMMARY: processing the following file failed: ‘LimROTS.Rmd’ Error: Vignette re-building failed. Execution halted