############################################################################## ############################################################################## ### ### Running command: ### ### /home/biocbuild/bbs-3.23-bioc/R/bin/R CMD build --keep-empty-dirs --no-resave-data IntEREst ### ############################################################################## ############################################################################## * checking for file ‘IntEREst/DESCRIPTION’ ... OK * preparing ‘IntEREst’: * checking DESCRIPTION meta-information ... OK * installing the package (it is needed to build vignettes) * creating vignettes ... ERROR --- re-building ‘IntEREst.Rmd’ using rmarkdown Quitting from IntEREst.Rmd:80-119 [reference_build] ~~~~~~~~~~~~~~~~~~~~~~~~~~~~~~~~~~~~~~~~~~~~~~~~~~~~~~~~~~~~~~~~~~~~~~~~~~~~~~~~ Error in `txdbmaker::makeTxDbFromGFF()`: ! unused argument (miRBaseBuild = miRBaseBuild) --- Backtrace: ▆ 1. └─IntEREst::referencePrepare(...) ~~~~~~~~~~~~~~~~~~~~~~~~~~~~~~~~~~~~~~~~~~~~~~~~~~~~~~~~~~~~~~~~~~~~~~~~~~~~~~~~ Error: processing vignette 'IntEREst.Rmd' failed with diagnostics: unused argument (miRBaseBuild = miRBaseBuild) --- failed re-building ‘IntEREst.Rmd’ SUMMARY: processing the following file failed: ‘IntEREst.Rmd’ Error: Vignette re-building failed. Execution halted