############################################################################## ############################################################################## ### ### Running command: ### ### /Library/Frameworks/R.framework/Resources/bin/R CMD build --keep-empty-dirs --no-resave-data FRASER ### ############################################################################## ############################################################################## * checking for file ‘FRASER/DESCRIPTION’ ... OK * preparing ‘FRASER’: * checking DESCRIPTION meta-information ... OK * cleaning src * installing the package to build vignettes * creating vignettes ... ERROR --- re-building ‘FRASER.Rnw’ using knitr 2025-10-24 16:29:11.392 R[27893:540901004] XType: Using static font registry. Quitting from FRASER.Rnw:313-317 [sampleData Table] ~~~~~~~~~~~~~~~~~~~~~~~~~~~~~~~~~~~~~~~~~~~~~~~~~~~~~~~~~~~~~~~~~~~~~~~~~~~~~ Error in `fread()`: ! could not find function "fread" ~~~~~~~~~~~~~~~~~~~~~~~~~~~~~~~~~~~~~~~~~~~~~~~~~~~~~~~~~~~~~~~~~~~~~~~~~~~~~ Error: processing vignette 'FRASER.Rnw' failed with diagnostics: could not find function "fread" --- failed re-building ‘FRASER.Rnw’ SUMMARY: processing the following file failed: ‘FRASER.Rnw’ Error: Vignette re-building failed. Execution halted