############################################################################## ############################################################################## ### ### Running command: ### ### /home/biocbuild/bbs-3.23-bioc/R/bin/R CMD build --keep-empty-dirs --no-resave-data DELocal ### ############################################################################## ############################################################################## * checking for file ‘DELocal/DESCRIPTION’ ... OK * preparing ‘DELocal’: * checking DESCRIPTION meta-information ... OK * installing the package (it is needed to build vignettes) * creating vignettes ... ERROR --- re-building ‘DELocal.Rmd’ using rmarkdown Quitting from DELocal.Rmd:77-85 [unnamed-chunk-5] ~~~~~~~~~~~~~~~~~~~~~~~~~~~~~~~~~~~~~~~~~~~~~~~~~~~~~~~~~~~~~~~~~~~~~~~~~~~~~~~~ NULL ~~~~~~~~~~~~~~~~~~~~~~~~~~~~~~~~~~~~~~~~~~~~~~~~~~~~~~~~~~~~~~~~~~~~~~~~~~~~~~~~ Error: processing vignette 'DELocal.Rmd' failed with diagnostics: Failed to perform HTTP request. Caused by error in `curl::curl_fetch_memory()`: ! SSL connect error [www.ensembl.org]: OpenSSL/3.0.13: error:0A00010B:SSL routines::wrong version number --- failed re-building ‘DELocal.Rmd’ SUMMARY: processing the following file failed: ‘DELocal.Rmd’ Error: Vignette re-building failed. Execution halted