############################################################################## ############################################################################## ### ### Running command: ### ### /home/biocbuild/bbs-3.23-bioc/R/bin/R CMD build --keep-empty-dirs --no-resave-data CellScore ### ############################################################################## ############################################################################## * checking for file ‘CellScore/DESCRIPTION’ ... OK * preparing ‘CellScore’: * checking DESCRIPTION meta-information ... OK * installing the package (it is needed to build vignettes) * creating vignettes ... ERROR --- re-building ‘CellScoreVignette.Rnw’ using knitr Quitting from CellScoreVignette.Rnw:163-167 [unnamed-chunk-4] ~~~~~~~~~~~~~~~~~~~~~~~~~~~~~~~~~~~~~~~~~~~~~~~~~~~~~~~~~~~~~~~~~~~~~~ Error in `library()`: ! there is no package called 'hgu133plus2CellScore' --- Backtrace: x 1. \-base::library(hgu133plus2CellScore) ~~~~~~~~~~~~~~~~~~~~~~~~~~~~~~~~~~~~~~~~~~~~~~~~~~~~~~~~~~~~~~~~~~~~~~ Error: processing vignette 'CellScoreVignette.Rnw' failed with diagnostics: there is no package called 'hgu133plus2CellScore' --- failed re-building ‘CellScoreVignette.Rnw’ SUMMARY: processing the following file failed: ‘CellScoreVignette.Rnw’ Error: Vignette re-building failed. Execution halted