############################################################################## ############################################################################## ### ### Running command: ### ### /home/biocbuild/bbs-3.23-bioc/R/bin/R CMD build --keep-empty-dirs --no-resave-data AnVIL ### ############################################################################## ############################################################################## * checking for file ‘AnVIL/DESCRIPTION’ ... OK * preparing ‘AnVIL’: * checking DESCRIPTION meta-information ... OK * installing the package (it is needed to build vignettes) * creating vignettes ... ERROR --- re-building ‘BiocDockstore.Rmd’ using rmarkdown --- finished re-building ‘BiocDockstore.Rmd’ --- re-building ‘Introduction.Rmd’ using rmarkdown Quitting from Introduction.Rmd:127-131 [unnamed-chunk-5] ~~~~~~~~~~~~~~~~~~~~~~~~~~~~~~~~~~~~~~~~~~~~~~~~~~~~~~~~~~~~~~~~~~~~~~~~~~~ Error: ! 'gcloud_exists' is not an exported object from 'namespace:AnVILGCP' ~~~~~~~~~~~~~~~~~~~~~~~~~~~~~~~~~~~~~~~~~~~~~~~~~~~~~~~~~~~~~~~~~~~~~~~~~~~ Error: processing vignette 'Introduction.Rmd' failed with diagnostics: 'gcloud_exists' is not an exported object from 'namespace:AnVILGCP' --- failed re-building ‘Introduction.Rmd’ --- re-building ‘RunningWorkflow.Rmd’ using rmarkdown --- finished re-building ‘RunningWorkflow.Rmd’ SUMMARY: processing the following file failed: ‘Introduction.Rmd’ Error: Vignette re-building failed. Execution halted