############################################################################## ############################################################################## ### ### Running command: ### ### /home/biocbuild/bbs-3.23-bioc/R/bin/R CMD build --keep-empty-dirs --no-resave-data fluentGenomics ### ############################################################################## ############################################################################## * checking for file ‘fluentGenomics/DESCRIPTION’ ... OK * preparing ‘fluentGenomics’: * checking DESCRIPTION meta-information ... OK * installing the package (it is needed to build vignettes) * creating vignettes ... ERROR --- re-building ‘fluentGenomics.Rmd’ using rmarkdown Quitting from fluentGenomics.Rmd:365-369 [de-genes] ~~~~~~~~~~~~~~~~~~~~~~~~~~~~~~~~~~~~~~~~~~~~~~~~~~~~~~~~~~~~~~~~~~~~~~~~~~~~~~~~ Error: ! unable to find an inherited method for function 'select' for signature 'x = "GRanges"' --- Backtrace: ▆ 1. ├─de_genes %>% filter(padj < 0.01) %>% ... 2. └─AnnotationDbi::select(...) 3. └─methods (local) ``(``, ``, ``) ~~~~~~~~~~~~~~~~~~~~~~~~~~~~~~~~~~~~~~~~~~~~~~~~~~~~~~~~~~~~~~~~~~~~~~~~~~~~~~~~ Error: processing vignette 'fluentGenomics.Rmd' failed with diagnostics: unable to find an inherited method for function 'select' for signature 'x = "GRanges"' --- failed re-building ‘fluentGenomics.Rmd’ SUMMARY: processing the following file failed: ‘fluentGenomics.Rmd’ Error: Vignette re-building failed. Execution halted