############################################################################## ############################################################################## ### ### Running command: ### ### /Library/Frameworks/R.framework/Resources/bin/R CMD build --keep-empty-dirs --no-resave-data weitrix ### ############################################################################## ############################################################################## * checking for file ‘weitrix/DESCRIPTION’ ... OK * preparing ‘weitrix’: * checking DESCRIPTION meta-information ... OK * installing the package (it is needed to build vignettes) * creating vignettes ... ERROR --- re-building ‘V1_overview.Rmd’ using rmarkdown --- finished re-building ‘V1_overview.Rmd’ --- re-building ‘V2_tail_length.Rmd’ using rmarkdown 2025-11-12 17:29:05.112 R[50197:3781763] XType: Using static font registry. --- finished re-building ‘V2_tail_length.Rmd’ --- re-building ‘V3_shift.Rmd’ using rmarkdown --- finished re-building ‘V3_shift.Rmd’ --- re-building ‘V4_airway.Rmd’ using rmarkdown Quitting from V4_airway.Rmd:24-40 [setup] ~~~~~~~~~~~~~~~~~~~~~~~~~~~~~~~~~~~~~~~~~~~~~~~~~~~~~~~~~~~~~~~~~~~~~~~~~~~~~~~~ Error in `library()`: ! there is no package called 'edgeR' --- Backtrace: ▆ 1. └─base::library(edgeR) ~~~~~~~~~~~~~~~~~~~~~~~~~~~~~~~~~~~~~~~~~~~~~~~~~~~~~~~~~~~~~~~~~~~~~~~~~~~~~~~~ Error: processing vignette 'V4_airway.Rmd' failed with diagnostics: there is no package called 'edgeR' --- failed re-building ‘V4_airway.Rmd’ --- re-building ‘V5_slam_seq.Rmd’ using rmarkdown --- finished re-building ‘V5_slam_seq.Rmd’ SUMMARY: processing the following file failed: ‘V4_airway.Rmd’ Error: Vignette re-building failed. Execution halted