############################################################################## ############################################################################## ### ### Running command: ### ### /Library/Frameworks/R.framework/Resources/bin/R CMD build --keep-empty-dirs --no-resave-data tidySingleCellExperiment ### ############################################################################## ############################################################################## * checking for file ‘tidySingleCellExperiment/DESCRIPTION’ ... OK * preparing ‘tidySingleCellExperiment’: * checking DESCRIPTION meta-information ... OK * installing the package (it is needed to process help pages) * creating vignettes ... ERROR --- re-building ‘introduction.Rmd’ using rmarkdown Quitting from introduction.Rmd:57-77 [unnamed-chunk-3] ~~~~~~~~~~~~~~~~~~~~~~~~~~~~~~~~~~~~~~~~~~~~~~~~~~~~~~~~~~~~~~~~~~~~~~~~~~~~~~~~ Error in `library()`: ! there is no package called 'scran' --- Backtrace: ▆ 1. └─base::library(scran) ~~~~~~~~~~~~~~~~~~~~~~~~~~~~~~~~~~~~~~~~~~~~~~~~~~~~~~~~~~~~~~~~~~~~~~~~~~~~~~~~ Error: processing vignette 'introduction.Rmd' failed with diagnostics: there is no package called 'scran' --- failed re-building ‘introduction.Rmd’ SUMMARY: processing the following file failed: ‘introduction.Rmd’ Error: Vignette re-building failed. Execution halted