############################################################################## ############################################################################## ### ### Running command: ### ### /home/biocbuild/bbs-3.23-bioc/R/bin/R CMD build --keep-empty-dirs --no-resave-data terraTCGAdata ### ############################################################################## ############################################################################## * checking for file ‘terraTCGAdata/DESCRIPTION’ ... OK * preparing ‘terraTCGAdata’: * checking DESCRIPTION meta-information ... OK * installing the package (it is needed to build vignettes) * creating vignettes ... ERROR --- re-building ‘terraTCGAdata.Rmd’ using rmarkdown Quitting from terraTCGAdata.Rmd:79-81 [unnamed-chunk-3] ~~~~~~~~~~~~~~~~~~~~~~~~~~~~~~~~~~~~~~~~~~~~~~~~~~~~~~~~~~~~~~~~~~~~~~~~~~~~~~~~ Error in `gcloud_exists()`: ! could not find function "gcloud_exists" ~~~~~~~~~~~~~~~~~~~~~~~~~~~~~~~~~~~~~~~~~~~~~~~~~~~~~~~~~~~~~~~~~~~~~~~~~~~~~~~~ Error: processing vignette 'terraTCGAdata.Rmd' failed with diagnostics: could not find function "gcloud_exists" --- failed re-building ‘terraTCGAdata.Rmd’ SUMMARY: processing the following file failed: ‘terraTCGAdata.Rmd’ Error: Vignette re-building failed. Execution halted