############################################################################## ############################################################################## ### ### Running command: ### ### /home/biocbuild/bbs-3.23-bioc/R/bin/R CMD build --keep-empty-dirs --no-resave-data proDA ### ############################################################################## ############################################################################## * checking for file ‘proDA/DESCRIPTION’ ... OK * preparing ‘proDA’: * checking DESCRIPTION meta-information ... OK * installing the package (it is needed to build vignettes) * creating vignettes ... ERROR --- re-building ‘Introduction.Rmd’ using rmarkdown --- finished re-building ‘Introduction.Rmd’ --- re-building ‘data-import.Rmd’ using rmarkdown Quitting from data-import.Rmd:357-377 [unnamed-chunk-19] ~~~~~~~~~~~~~~~~~~~~~~~~~~~~~~~~~~~~~~~~~~~~~~~~~~~~~~~~~~~~~~~~~~~~~~~~~~~~~~~~~~~~~~~~~~~~~~~~~~~~ Error in `library()`: ! there is no package called 'DEP' --- Backtrace: ▆ 1. └─base::library(DEP) ~~~~~~~~~~~~~~~~~~~~~~~~~~~~~~~~~~~~~~~~~~~~~~~~~~~~~~~~~~~~~~~~~~~~~~~~~~~~~~~~~~~~~~~~~~~~~~~~~~~~ Error: processing vignette 'data-import.Rmd' failed with diagnostics: there is no package called 'DEP' --- failed re-building ‘data-import.Rmd’ SUMMARY: processing the following file failed: ‘data-import.Rmd’ Error: Vignette re-building failed. Execution halted