############################################################################## ############################################################################## ### ### Running command: ### ### /Library/Frameworks/R.framework/Resources/bin/R CMD build --keep-empty-dirs --no-resave-data proDA ### ############################################################################## ############################################################################## * checking for file ‘proDA/DESCRIPTION’ ... OK * preparing ‘proDA’: * checking DESCRIPTION meta-information ... OK * installing the package (it is needed to build vignettes) * creating vignettes ... ERROR --- re-building ‘Introduction.Rmd’ using rmarkdown 2025-11-12 16:59:19.894 R[38382:2921366] XType: Using static font registry. --- finished re-building ‘Introduction.Rmd’ --- re-building ‘data-import.Rmd’ using rmarkdown Quitting from data-import.Rmd:181-184 [unnamed-chunk-7] ~~~~~~~~~~~~~~~~~~~~~~~~~~~~~~~~~~~~~~~~~~~~~~~~~~~~~~~~~~~~~~~~~~~~~~~~~~~~~~~~~~~~~~~~~~~~~~~~~~~~ Error in `library()`: ! there is no package called 'MSnbase' --- Backtrace: ▆ 1. └─base::library(MSnbase) ~~~~~~~~~~~~~~~~~~~~~~~~~~~~~~~~~~~~~~~~~~~~~~~~~~~~~~~~~~~~~~~~~~~~~~~~~~~~~~~~~~~~~~~~~~~~~~~~~~~~ Error: processing vignette 'data-import.Rmd' failed with diagnostics: there is no package called 'MSnbase' --- failed re-building ‘data-import.Rmd’ SUMMARY: processing the following file failed: ‘data-import.Rmd’ Error: Vignette re-building failed. Execution halted