############################################################################## ############################################################################## ### ### Running command: ### ### /Library/Frameworks/R.framework/Resources/bin/R CMD build --keep-empty-dirs --no-resave-data dittoSeq ### ############################################################################## ############################################################################## * checking for file ‘dittoSeq/DESCRIPTION’ ... OK * preparing ‘dittoSeq’: * checking DESCRIPTION meta-information ... OK * installing the package (it is needed to build vignettes) * creating vignettes ... ERROR --- re-building ‘dittoSeq.Rmd’ using rmarkdown Quitting from dittoSeq.Rmd:155-162 [unnamed-chunk-3] ~~~~~~~~~~~~~~~~~~~~~~~~~~~~~~~~~~~~~~~~~~~~~~~~~~~~~~~~~~~~~~~~~~~~~~~~~~~~~~~~ Error in `library()`: ! there is no package called 'scRNAseq' --- Backtrace: ▆ 1. └─base::library(scRNAseq) ~~~~~~~~~~~~~~~~~~~~~~~~~~~~~~~~~~~~~~~~~~~~~~~~~~~~~~~~~~~~~~~~~~~~~~~~~~~~~~~~ Error: processing vignette 'dittoSeq.Rmd' failed with diagnostics: there is no package called 'scRNAseq' --- failed re-building ‘dittoSeq.Rmd’ SUMMARY: processing the following file failed: ‘dittoSeq.Rmd’ Error: Vignette re-building failed. Execution halted