############################################################################## ############################################################################## ### ### Running command: ### ### /Library/Frameworks/R.framework/Resources/bin/R CMD build --keep-empty-dirs --no-resave-data beadarray ### ############################################################################## ############################################################################## * checking for file ‘beadarray/DESCRIPTION’ ... OK * preparing ‘beadarray’: * checking DESCRIPTION meta-information ... OK * cleaning src * installing the package (it is needed to build vignettes) * creating vignettes ... ERROR --- re-building ‘ImageProcessing.Rmd’ using rmarkdown --- finished re-building ‘ImageProcessing.Rmd’ --- re-building ‘beadarray.Rmd’ using rmarkdown --- finished re-building ‘beadarray.Rmd’ --- re-building ‘beadlevel.Rmd’ using rmarkdown Quitting from beadlevel.Rmd:29-33 [prelim] ~~~~~~~~~~~~~~~~~~~~~~~~~~~~~~~~~~~~~~~~~~~~~~~~~~~~~~~~~~~~~~~~~~~~~~~~~~~~~~~~ Error in `library()`: ! there is no package called 'beadarrayExampleData' --- Backtrace: ▆ 1. └─base::library(beadarrayExampleData) ~~~~~~~~~~~~~~~~~~~~~~~~~~~~~~~~~~~~~~~~~~~~~~~~~~~~~~~~~~~~~~~~~~~~~~~~~~~~~~~~ Error: processing vignette 'beadlevel.Rmd' failed with diagnostics: there is no package called 'beadarrayExampleData' --- failed re-building ‘beadlevel.Rmd’ --- re-building ‘beadsummary.Rmd’ using rmarkdown Quitting from beadsummary.Rmd:32-41 [unnamed-chunk-2] ~~~~~~~~~~~~~~~~~~~~~~~~~~~~~~~~~~~~~~~~~~~~~~~~~~~~~~~~~~~~~~~~~~~~~~~~~~~~~~~~ Error: ! object 'exampleSummaryData' not found ~~~~~~~~~~~~~~~~~~~~~~~~~~~~~~~~~~~~~~~~~~~~~~~~~~~~~~~~~~~~~~~~~~~~~~~~~~~~~~~~ Error: processing vignette 'beadsummary.Rmd' failed with diagnostics: object 'exampleSummaryData' not found --- failed re-building ‘beadsummary.Rmd’ SUMMARY: processing the following files failed: ‘beadlevel.Rmd’ ‘beadsummary.Rmd’ Error: Vignette re-building failed. Execution halted