############################################################################## ############################################################################## ### ### Running command: ### ### /Library/Frameworks/R.framework/Resources/bin/R CMD build --keep-empty-dirs --no-resave-data TCGAutils ### ############################################################################## ############################################################################## * checking for file ‘TCGAutils/DESCRIPTION’ ... OK * preparing ‘TCGAutils’: * checking DESCRIPTION meta-information ... OK * installing the package (it is needed to build vignettes) * creating vignettes ... ERROR --- re-building ‘TCGAutils.Rmd’ using rmarkdown Quitting from TCGAutils.Rmd:44-52 [unnamed-chunk-3] ~~~~~~~~~~~~~~~~~~~~~~~~~~~~~~~~~~~~~~~~~~~~~~~~~~~~~~~~~~~~~~~~~~~~~~~~~~~~~~~~ Error in `library()`: ! there is no package called 'curatedTCGAData' --- Backtrace: ▆ 1. └─base::library(curatedTCGAData) ~~~~~~~~~~~~~~~~~~~~~~~~~~~~~~~~~~~~~~~~~~~~~~~~~~~~~~~~~~~~~~~~~~~~~~~~~~~~~~~~ Error: processing vignette 'TCGAutils.Rmd' failed with diagnostics: there is no package called 'curatedTCGAData' --- failed re-building ‘TCGAutils.Rmd’ SUMMARY: processing the following file failed: ‘TCGAutils.Rmd’ Error: Vignette re-building failed. Execution halted