############################################################################## ############################################################################## ### ### Running command: ### ### /home/biocbuild/bbs-3.23-bioc/R/bin/R CMD build --keep-empty-dirs --no-resave-data RepViz ### ############################################################################## ############################################################################## * checking for file ‘RepViz/DESCRIPTION’ ... OK * preparing ‘RepViz’: * checking DESCRIPTION meta-information ... OK * installing the package (it is needed to build vignettes) * creating vignettes ... ERROR --- re-building ‘RepViz.Rmd’ using rmarkdown Quitting from RepViz.Rmd:80-93 [plot_plot] ~~~~~~~~~~~~~~~~~~~~~~~~~~~~~~~~~~~~~~~~~~~~~~~~~~~~~~~~~~~~~~~~~~~~~~~~~~~~~~~~ NULL ~~~~~~~~~~~~~~~~~~~~~~~~~~~~~~~~~~~~~~~~~~~~~~~~~~~~~~~~~~~~~~~~~~~~~~~~~~~~~~~~ Error: processing vignette 'RepViz.Rmd' failed with diagnostics: Failed to perform HTTP request. Caused by error in `curl::curl_fetch_memory()`: ! SSL connect error [grch37.ensembl.org]: OpenSSL/3.0.13: error:0A00010B:SSL routines::wrong version number --- failed re-building ‘RepViz.Rmd’ SUMMARY: processing the following file failed: ‘RepViz.Rmd’ Error: Vignette re-building failed. Execution halted