############################################################################## ############################################################################## ### ### Running command: ### ### /Library/Frameworks/R.framework/Resources/bin/R CMD build --keep-empty-dirs --no-resave-data MultiDataSet ### ############################################################################## ############################################################################## * checking for file ‘MultiDataSet/DESCRIPTION’ ... OK * preparing ‘MultiDataSet’: * checking DESCRIPTION meta-information ... OK * installing the package (it is needed to build vignettes) * creating vignettes ... ERROR --- re-building ‘MultiDataSet.Rmd’ using rmarkdown Failed with error: 'there is no package called 'minfi'' Quitting from MultiDataSet.Rmd:130-136 [add_rse overwrite] ~~~~~~~~~~~~~~~~~~~~~~~~~~~~~~~~~~~~~~~~~~~~~~~~~~~~~~~~~~~~~~~~~~~~~~~~~~~~~~~~ Error in `.requirePackage()`: ! unable to load required package 'minfi' --- Backtrace: ▆ 1. └─brge_methy[1:100, ] 2. └─methods (local) ``(``, ``, ``) 3. └─methods:::.findInheritedMethods(classes, fdef, mtable) 4. └─methods::getClass(cl1, where = where, .Force = TRUE) 5. └─methods::getClassDef(Class, where) 6. └─methods:::.requirePackage(package) ~~~~~~~~~~~~~~~~~~~~~~~~~~~~~~~~~~~~~~~~~~~~~~~~~~~~~~~~~~~~~~~~~~~~~~~~~~~~~~~~ Error: processing vignette 'MultiDataSet.Rmd' failed with diagnostics: unable to load required package 'minfi' --- failed re-building ‘MultiDataSet.Rmd’ --- re-building ‘MultiDataSet_Extending_Proteome.Rmd’ using rmarkdown --- finished re-building ‘MultiDataSet_Extending_Proteome.Rmd’ SUMMARY: processing the following file failed: ‘MultiDataSet.Rmd’ Error: Vignette re-building failed. Execution halted