############################################################################## ############################################################################## ### ### Running command: ### ### /Library/Frameworks/R.framework/Resources/bin/R CMD build --keep-empty-dirs --no-resave-data ClusterFoldSimilarity ### ############################################################################## ############################################################################## * checking for file ‘ClusterFoldSimilarity/DESCRIPTION’ ... OK * preparing ‘ClusterFoldSimilarity’: * checking DESCRIPTION meta-information ... OK * installing the package (it is needed to build vignettes) * creating vignettes ... ERROR --- re-building ‘ClusterFoldSimilarity.Rmd’ using rmarkdown Quitting from ClusterFoldSimilarity.Rmd:60-70 [construct] ~~~~~~~~~~~~~~~~~~~~~~~~~~~~~~~~~~~~~~~~~~~~~~~~~~~~~~~~~~~~~~~~~~~~~~~~~~~~~~~~ Error in `library()`: ! there is no package called 'scRNAseq' --- Backtrace: ▆ 1. └─base::library(scRNAseq) ~~~~~~~~~~~~~~~~~~~~~~~~~~~~~~~~~~~~~~~~~~~~~~~~~~~~~~~~~~~~~~~~~~~~~~~~~~~~~~~~ Error: processing vignette 'ClusterFoldSimilarity.Rmd' failed with diagnostics: there is no package called 'scRNAseq' --- failed re-building ‘ClusterFoldSimilarity.Rmd’ SUMMARY: processing the following file failed: ‘ClusterFoldSimilarity.Rmd’ Error: Vignette re-building failed. Execution halted