############################################################################## ############################################################################## ### ### Running command: ### ### /Library/Frameworks/R.framework/Resources/bin/R CMD build --keep-empty-dirs --no-resave-data BiocPkgTools ### ############################################################################## ############################################################################## * checking for file ‘BiocPkgTools/DESCRIPTION’ ... OK * preparing ‘BiocPkgTools’: * checking DESCRIPTION meta-information ... OK * installing the package (it is needed to build vignettes) * creating vignettes ... ERROR --- re-building ‘BiocPkgTools.Rmd’ using rmarkdown Quitting from BiocPkgTools.Rmd:61-64 [unnamed-chunk-1] ~~~~~~~~~~~~~~~~~~~~~~~~~~~~~~~~~~~~~~~~~~~~~~~~~~~~~~~~~~~~~~~~~~~~~~~~~~~~~~~~ Error in `get_VIEWS()`: ! could not find function "get_VIEWS" --- Backtrace: ▆ 1. ├─utils::head(biocBuildReport()) 2. └─BiocPkgTools::biocBuildReport() 3. └─BiocPkgTools:::get_deprecated_status_df(version) ~~~~~~~~~~~~~~~~~~~~~~~~~~~~~~~~~~~~~~~~~~~~~~~~~~~~~~~~~~~~~~~~~~~~~~~~~~~~~~~~ Error: processing vignette 'BiocPkgTools.Rmd' failed with diagnostics: could not find function "get_VIEWS" --- failed re-building ‘BiocPkgTools.Rmd’ SUMMARY: processing the following file failed: ‘BiocPkgTools.Rmd’ Error: Vignette re-building failed. Execution halted