############################################################################## ############################################################################## ### ### Running command: ### ### /Library/Frameworks/R.framework/Resources/bin/R CMD build --keep-empty-dirs --no-resave-data nullranges ### ############################################################################## ############################################################################## * checking for file ‘nullranges/DESCRIPTION’ ... OK * preparing ‘nullranges’: * checking DESCRIPTION meta-information ... OK * installing the package to build vignettes * creating vignettes ... ERROR --- re-building ‘bootRanges.Rmd’ using rmarkdown Quitting from bootRanges.Rmd:166-182 [excluderanges] ~~~~~~~~~~~~~~~~~~~~~~~~~~~~~~~~~~~~~~~~~~~~~~~~~~~~~~~~~~~~~~~~~~~~~~~~~~~~~~~~ Error in `value[[3L]]()`: ! failed to connect reason: Failed to perform HTTP request. Caused by error in `curl::curl_fetch_memory()`: ! SSL connect error [bioconductor.org]: TLS connect error: error:00000000:lib(0):func(0):reason(0) Consider rerunning with 'localHub=TRUE' --- Backtrace: ▆ 1. └─AnnotationHub::AnnotationHub() 2. └─AnnotationHub::.Hub(...) 3. └─base::tryCatch(...) 4. └─base (local) tryCatchList(expr, classes, parentenv, handlers) 5. └─base (local) tryCatchOne(expr, names, parentenv, handlers[[1L]]) 6. └─value[[3L]](cond) ~~~~~~~~~~~~~~~~~~~~~~~~~~~~~~~~~~~~~~~~~~~~~~~~~~~~~~~~~~~~~~~~~~~~~~~~~~~~~~~~ Error: processing vignette 'bootRanges.Rmd' failed with diagnostics: failed to connect reason: Failed to perform HTTP request. Caused by error in `curl::curl_fetch_memory()`: ! SSL connect error [bioconductor.org]: TLS connect error: error:00000000:lib(0):func(0):reason(0) Consider rerunning with 'localHub=TRUE' --- failed re-building ‘bootRanges.Rmd’ --- re-building ‘matchRanges.Rmd’ using rmarkdown 2025-10-26 17:30:26.739 R[65675:550778545] XType: Using static font registry. --- finished re-building ‘matchRanges.Rmd’ --- re-building ‘matching_ginteractions.Rmd’ using rmarkdown Quitting from matching_ginteractions.Rmd:201-206 [unnamed-chunk-2] ~~~~~~~~~~~~~~~~~~~~~~~~~~~~~~~~~~~~~~~~~~~~~~~~~~~~~~~~~~~~~~~~~~~~~~~~~~~~~~~~ Error in `value[[3L]]()`: ! failed to connect reason: Failed to perform HTTP request. Caused by error in `curl::curl_fetch_memory()`: ! SSL connect error [bioconductor.org]: TLS connect error: error:00000000:lib(0):func(0):reason(0) Consider rerunning with 'localHub=TRUE' --- Backtrace: ▆ 1. └─ExperimentHub (local) hg19_10kb_ctcfBoundBinPairs() 2. └─ExperimentHub:::.get_ExperimentHub() 3. └─ExperimentHub::ExperimentHub() 4. └─AnnotationHub::.Hub(...) 5. └─base::tryCatch(...) 6. └─base (local) tryCatchList(expr, classes, parentenv, handlers) 7. └─base (local) tryCatchOne(expr, names, parentenv, handlers[[1L]]) 8. └─value[[3L]](cond) ~~~~~~~~~~~~~~~~~~~~~~~~~~~~~~~~~~~~~~~~~~~~~~~~~~~~~~~~~~~~~~~~~~~~~~~~~~~~~~~~ Error: processing vignette 'matching_ginteractions.Rmd' failed with diagnostics: failed to connect reason: Failed to perform HTTP request. Caused by error in `curl::curl_fetch_memory()`: ! SSL connect error [bioconductor.org]: TLS connect error: error:00000000:lib(0):func(0):reason(0) Consider rerunning with 'localHub=TRUE' --- failed re-building ‘matching_ginteractions.Rmd’ --- re-building ‘matching_granges.Rmd’ using rmarkdown Quitting from matching_granges.Rmd:201-208 [unnamed-chunk-2] ~~~~~~~~~~~~~~~~~~~~~~~~~~~~~~~~~~~~~~~~~~~~~~~~~~~~~~~~~~~~~~~~~~~~~~~~~~~~~~~~ Error in `value[[3L]]()`: ! failed to connect reason: Failed to perform HTTP request. Caused by error in `curl::curl_fetch_memory()`: ! SSL connect error [bioconductor.org]: TLS connect error: error:00000000:lib(0):func(0):reason(0) Consider rerunning with 'localHub=TRUE' --- Backtrace: ▆ 1. └─ExperimentHub (local) hg19_10kb_bins() 2. └─ExperimentHub:::.get_ExperimentHub() 3. └─ExperimentHub::ExperimentHub() 4. └─AnnotationHub::.Hub(...) 5. └─base::tryCatch(...) 6. └─base (local) tryCatchList(expr, classes, parentenv, handlers) 7. └─base (local) tryCatchOne(expr, names, parentenv, handlers[[1L]]) 8. └─value[[3L]](cond) ~~~~~~~~~~~~~~~~~~~~~~~~~~~~~~~~~~~~~~~~~~~~~~~~~~~~~~~~~~~~~~~~~~~~~~~~~~~~~~~~ Error: processing vignette 'matching_granges.Rmd' failed with diagnostics: failed to connect reason: Failed to perform HTTP request. Caused by error in `curl::curl_fetch_memory()`: ! SSL connect error [bioconductor.org]: TLS connect error: error:00000000:lib(0):func(0):reason(0) Consider rerunning with 'localHub=TRUE' --- failed re-building ‘matching_granges.Rmd’ --- re-building ‘matching_pool_set.Rmd’ using rmarkdown Quitting from matching_pool_set.Rmd:41-49 [unnamed-chunk-1] ~~~~~~~~~~~~~~~~~~~~~~~~~~~~~~~~~~~~~~~~~~~~~~~~~~~~~~~~~~~~~~~~~~~~~~~~~~~~~~~~ Error in `value[[3L]]()`: ! failed to connect reason: Failed to perform HTTP request. Caused by error in `curl::curl_fetch_memory()`: ! Timeout was reached [bioconductor.org]: Connection timed out after 10003 milliseconds Consider rerunning with 'localHub=TRUE' --- Backtrace: ▆ 1. └─AnnotationHub::AnnotationHub() 2. └─AnnotationHub::.Hub(...) 3. └─base::tryCatch(...) 4. └─base (local) tryCatchList(expr, classes, parentenv, handlers) 5. └─base (local) tryCatchOne(expr, names, parentenv, handlers[[1L]]) 6. └─value[[3L]](cond) ~~~~~~~~~~~~~~~~~~~~~~~~~~~~~~~~~~~~~~~~~~~~~~~~~~~~~~~~~~~~~~~~~~~~~~~~~~~~~~~~ Error: processing vignette 'matching_pool_set.Rmd' failed with diagnostics: failed to connect reason: Failed to perform HTTP request. Caused by error in `curl::curl_fetch_memory()`: ! Timeout was reached [bioconductor.org]: Connection timed out after 10003 milliseconds Consider rerunning with 'localHub=TRUE' --- failed re-building ‘matching_pool_set.Rmd’ --- re-building ‘nullranges.Rmd’ using rmarkdown --- finished re-building ‘nullranges.Rmd’ SUMMARY: processing the following files failed: ‘bootRanges.Rmd’ ‘matching_ginteractions.Rmd’ ‘matching_granges.Rmd’ ‘matching_pool_set.Rmd’ Error: Vignette re-building failed. Execution halted