############################################################################## ############################################################################## ### ### Running command: ### ### /Library/Frameworks/R.framework/Resources/bin/R CMD build --keep-empty-dirs --no-resave-data getDEE2 ### ############################################################################## ############################################################################## * checking for file ‘getDEE2/DESCRIPTION’ ... OK * preparing ‘getDEE2’: * checking DESCRIPTION meta-information ... OK * installing the package to build vignettes * creating vignettes ... ERROR --- re-building ‘getDEE2.Rmd’ using rmarkdown trying URL 'http://dee2.io/metadata/celegans_metadata.tsv.cut' Quitting from getDEE2.Rmd:70-73 [getmeta] ~~~~~~~~~~~~~~~~~~~~~~~~~~~~~~~~~~~~~~~~~~~~~~~~~~~~~~~~~~~~~~~~~~~~~~~~~~~~~~~~ Error in `getURL()`: ! 'getURL()' failed: URL: http://dee2.io/metadata/celegans_metadata.tsv.cut error: cannot open URL 'http://dee2.io/metadata/celegans_metadata.tsv.cut' --- Backtrace: ▆ 1. └─getDEE2::getDEE2Metadata("celegans") 2. └─getDEE2:::getURL(...) ~~~~~~~~~~~~~~~~~~~~~~~~~~~~~~~~~~~~~~~~~~~~~~~~~~~~~~~~~~~~~~~~~~~~~~~~~~~~~~~~ Error: processing vignette 'getDEE2.Rmd' failed with diagnostics: 'getURL()' failed: URL: http://dee2.io/metadata/celegans_metadata.tsv.cut error: cannot open URL 'http://dee2.io/metadata/celegans_metadata.tsv.cut' --- failed re-building ‘getDEE2.Rmd’ SUMMARY: processing the following file failed: ‘getDEE2.Rmd’ Error: Vignette re-building failed. Execution halted