############################################################################## ############################################################################## ### ### Running command: ### ### /home/biocbuild/R/R/bin/R CMD build --keep-empty-dirs --no-resave-data VplotR ### ############################################################################## ############################################################################## * checking for file ‘VplotR/DESCRIPTION’ ... OK * preparing ‘VplotR’: * checking DESCRIPTION meta-information ... OK * installing the package to build vignettes * creating vignettes ... ERROR --- re-building ‘VplotR.Rmd’ using rmarkdown Quitting from VplotR.Rmd:199-209 [unnamed-chunk-10] ~~~~~~~~~~~~~~~~~~~~~~~~~~~~~~~~~~~~~~~~~~~~~~~~~~~~~~~~~~~~~~~~~~~~~~~~~~~~~~~~ Error in `do.call()`: ! replacement has length zero --- Backtrace: ▆ 1. ├─VplotR::plotVmat(...) 2. └─VplotR:::plotVmat.list(...) 3. └─parallel::mclapply(...) 4. └─base::lapply(X = X, FUN = FUN, ...) 5. └─VplotR (local) FUN(X[[i]], ...) 6. ├─VplotR::plotVmat(...) 7. └─VplotR:::plotVmat.GRanges(...) 8. └─VplotR::computeVmat(...) 9. ├─methods (local) `[<-`(`*tmp*`, filt, value = ``) 10. └─S4Vectors (local) `[<-`(`*tmp*`, filt, value = ``) 11. ├─methods::callNextMethod(x, i, value = value) 12. │ └─base::eval(call, callEnv) 13. │ └─base::eval(call, callEnv) 14. └─S4Vectors (local) .nextMethod(x, i, value = value) 15. ├─S4Vectors::mergeROWS(x, i, value) 16. └─S4Vectors::mergeROWS(x, i, value) 17. ├─S4Vectors::replaceROWS(x, nsbs, value) 18. └─GenomicRanges (local) replaceROWS(x, nsbs, value) 19. ├─S4Vectors::replaceROWS(...) 20. └─S4Vectors::replaceROWS(...) 21. └─S4Vectors:::.subassign_columns(x, nsbs, value) 22. ├─BiocGenerics::lapply(...) 23. └─base::lapply(...) 24. └─S4Vectors (local) FUN(X[[i]], ...) 25. ├─S4Vectors (local) FUN(x[[j]], nsbs, value[[((j - 1L)%%value_ncol) + 1L]]) 26. └─S4Vectors (local) FUN(x[[j]], nsbs, value[[((j - 1L)%%value_ncol) + 1L]]) 27. ├─S4Vectors::mergeROWS(x, i, value) 28. └─S4Vectors::mergeROWS(x, i, value) 29. ├─BiocGenerics::do.call(`[<-`, args) 30. └─base::do.call(`[<-`, args) ~~~~~~~~~~~~~~~~~~~~~~~~~~~~~~~~~~~~~~~~~~~~~~~~~~~~~~~~~~~~~~~~~~~~~~~~~~~~~~~~ Error: processing vignette 'VplotR.Rmd' failed with diagnostics: replacement has length zero --- failed re-building ‘VplotR.Rmd’ SUMMARY: processing the following file failed: ‘VplotR.Rmd’ Error: Vignette re-building failed. Execution halted