############################################################################## ############################################################################## ### ### Running command: ### ### /Library/Frameworks/R.framework/Resources/bin/R CMD build --keep-empty-dirs --no-resave-data TCGAutils ### ############################################################################## ############################################################################## * checking for file ‘TCGAutils/DESCRIPTION’ ... OK * preparing ‘TCGAutils’: * checking DESCRIPTION meta-information ... OK * installing the package to build vignettes * creating vignettes ... ERROR --- re-building ‘TCGAutils.Rmd’ using rmarkdown Quitting from TCGAutils.Rmd:66-68 [unnamed-chunk-4] ~~~~~~~~~~~~~~~~~~~~~~~~~~~~~~~~~~~~~~~~~~~~~~~~~~~~~~~~~~~~~~~~~~~~~~~~~~~~~~~~ Error in `vapply()`: ! values must be length 1, but FUN(X[[2]]) result is length 0 --- Backtrace: ▆ 1. └─curatedTCGAData::curatedTCGAData(...) 2. └─curatedTCGAData:::.getResourceInfo(...) 3. └─base::vapply(infos, names, character(1L)) ~~~~~~~~~~~~~~~~~~~~~~~~~~~~~~~~~~~~~~~~~~~~~~~~~~~~~~~~~~~~~~~~~~~~~~~~~~~~~~~~ Error: processing vignette 'TCGAutils.Rmd' failed with diagnostics: values must be length 1, but FUN(X[[2]]) result is length 0 --- failed re-building ‘TCGAutils.Rmd’ SUMMARY: processing the following file failed: ‘TCGAutils.Rmd’ Error: Vignette re-building failed. Execution halted