############################################################################## ############################################################################## ### ### Running command: ### ### chmod a+r immunogenViewer -R && E:\biocbuild\bbs-3.21-bioc\R\bin\R.exe CMD build --keep-empty-dirs --no-resave-data immunogenViewer ### ############################################################################## ############################################################################## * checking for file 'immunogenViewer/DESCRIPTION' ... OK * preparing 'immunogenViewer': * checking DESCRIPTION meta-information ... OK * installing the package to build vignettes * creating vignettes ... ERROR --- re-building 'immunogenViewer_vignette.Rmd' using rmarkdown Quitting from immunogenViewer_vignette.Rmd:77-81 [get-features] ~~~~~~~~~~~~~~~~~~~~~~~~~~~~~~~~~~~~~~~~~~~~~~~~~~~~~~~~~~~~~~~~~~~~~~~~~~~~~~~~ Error: ! lexical error: invalid char in json text.